000
CDUS45 KRIW 230755
CLICPR


CLIMATE REPORT
NATIONAL WEATHER SERVICE RIVERTON WY
154 AM MDT MON APR 23 2018


...................................

...THE CASPER WY CLIMATE SUMMARY FOR APRIL 22 2018...

CLIMATE NORMAL PERIOD 1981 TO 2010
CLIMATE RECORD PERIOD 1939 TO 2018


WEATHER ITEM   OBSERVED TIME   RECORD YEAR NORMAL DEPARTURE LAST
                VALUE   (LST)  VALUE       VALUE  FROM      YEAR
                                                  NORMAL
..................................................................
TEMPERATURE (F)
 YESTERDAY
  MAXIMUM         69    350 PM  81    1994  59     10       57
  MINIMUM         28    301 AM  12    1967  30     -2       36
  AVERAGE         49                        44      5       47

PRECIPITATION (IN)
  YESTERDAY        0.00          0.37 1988   0.05  -0.05     0.02
  MONTH TO DATE    0.60                      0.87  -0.27     1.36
  SINCE MAR 1      1.60                      1.69  -0.09     3.15
  SINCE JAN 1      2.90                      2.77   0.13     4.50

SNOWFALL (IN)
  YESTERDAY        0.0                       0.4   -0.4      0.0
  MONTH TO DATE    5.7                       9.1   -3.4      2.1
  SINCE MAR 1     12.2                      20.0   -7.8      9.9
  SINCE JUL 1     71.7                      69.4    2.3     63.4
  SNOW DEPTH       0

DEGREE DAYS
 HEATING
  YESTERDAY       16                        21     -5       18
  MONTH TO DATE  546                       516     30      455
  SINCE MAR 1   1453                      1441     12     1167
  SINCE JUL 1   6917                      6889     28     6357

 COOLING
  YESTERDAY        0                         0      0        0
  MONTH TO DATE    0                         0      0        0
  SINCE MAR 1      0                         0      0        0
  SINCE JAN 1      0                         0      0        0
..................................................................


WIND (MPH)
  HIGHEST WIND SPEED    18   HIGHEST WIND DIRECTION     E (110)
  HIGHEST GUST SPEED    22   HIGHEST GUST DIRECTION     E (100)
  AVERAGE WIND SPEED     5.5


SKY COVER
  POSSIBLE SUNSHINE  MM
  AVERAGE SKY COVER 0.0


WEATHER CONDITIONS
 THE FOLLOWING WEATHER WAS RECORDED YESTERDAY.
  FOG


RELATIVE HUMIDITY (PERCENT)
 HIGHEST   100           100 AM
 LOWEST     27           300 PM
 AVERAGE    64

..........................................................


THE CASPER WY CLIMATE NORMALS FOR TODAY
                         NORMAL    RECORD    YEAR
 MAXIMUM TEMPERATURE (F)   59        82      2012
                                             1989
 MINIMUM TEMPERATURE (F)   30         9      2013


SUNRISE AND SUNSET
APRIL 23 2018.........SUNRISE   611 AM MDT   SUNSET   758 PM MDT
APRIL 24 2018.........SUNRISE   610 AM MDT   SUNSET   759 PM MDT


-  INDICATES NEGATIVE NUMBERS.
R  INDICATES RECORD WAS SET OR TIED.
MM INDICATES DATA IS MISSING.
T  INDICATES TRACE AMOUNT.




$$
