000
CDUS44 KCRP 251125 CCA
CLICRP

CLIMATE REPORT...CORRECTED
NATIONAL WEATHER SERVICE CORPUS CHRISTI TX
625 AM CDT FRI MAY 25 2018


...................................

...THE CORPUS CHRISTI CLIMATE SUMMARY FOR MAY 24 2018...

CLIMATE NORMAL PERIOD 1981 TO 2010
CLIMATE RECORD PERIOD 1887 TO 2018


WEATHER ITEM   OBSERVED TIME   RECORD YEAR NORMAL DEPARTURE LAST
                VALUE   (LST)  VALUE       VALUE  FROM      YEAR
                                                  NORMAL
..................................................................
TEMPERATURE (F)
 YESTERDAY
  MAXIMUM         91    225 PM  94    1974  88      3       86
  MINIMUM         72    606 AM  58    2017  72      0       58
                                      1967
  AVERAGE         82                        80      2       72

PRECIPITATION (IN)
  YESTERDAY        0.00          2.67 1971   0.11  -0.11     0.00
  MONTH TO DATE    0.68                      2.30  -1.62     0.93
  SINCE MAR 1      2.95                      6.03  -3.08     8.14
  SINCE JAN 1      4.68                      9.50  -4.82    10.98

SNOWFALL (IN)
  YESTERDAY        0.0
  MONTH TO DATE    0.0
  SINCE MAR 1      0.0
  SINCE JUL 1      1.0
  SNOW DEPTH       0

DEGREE DAYS
 HEATING
  YESTERDAY        0                         0      0        0
  MONTH TO DATE    0                         0      0        0
  SINCE MAR 1     42                        98    -56       16
  SINCE JUL 1    871                       898    -27      368

 COOLING
  YESTERDAY       17                        15      2        7
  MONTH TO DATE  349                       306     43      305
  SINCE MAR 1    749                       658     91      811
  SINCE JAN 1    871                       734    137     1080
..................................................................


WIND (MPH)
  HIGHEST WIND SPEED    18   HIGHEST WIND DIRECTION     E (100)
  HIGHEST GUST SPEED    24   HIGHEST GUST DIRECTION     E (90)
  AVERAGE WIND SPEED     7.4


SKY COVER
  POSSIBLE SUNSHINE  MM
  AVERAGE SKY COVER 0.5


WEATHER CONDITIONS
 THE FOLLOWING WEATHER WAS RECORDED YESTERDAY.
  FOG


RELATIVE HUMIDITY (PERCENT)
 HIGHEST   100          1200 AM
 LOWEST     56           300 PM
 AVERAGE    78

..........................................................


THE CORPUS CHRISTI CLIMATE NORMALS FOR TODAY
                         NORMAL    RECORD    YEAR
 MAXIMUM TEMPERATURE (F)   88        97      2009
 MINIMUM TEMPERATURE (F)   72        60      2017
                                             1940


SUNRISE AND SUNSET
MAY 25 2018...........SUNRISE   636 AM CDT   SUNSET   818 PM CDT
MAY 26 2018...........SUNRISE   636 AM CDT   SUNSET   818 PM CDT


-  INDICATES NEGATIVE NUMBERS.
R  INDICATES RECORD WAS SET OR TIED.
MM INDICATES DATA IS MISSING.
T  INDICATES TRACE AMOUNT.




$$

ANM...CORRECTED FOR WIND GUST.
