000
CDUS41 KRLX 230720
CLICRW


CLIMATE REPORT
NATIONAL WEATHER SERVICE CHARLESTON WV
320 AM EDT MON APR 23 2018


...................................

...THE CHARLESTON WV CLIMATE SUMMARY FOR APRIL 22 2018...

CLIMATE NORMAL PERIOD 1981 TO 2010
CLIMATE RECORD PERIOD 1901 TO 2018


WEATHER ITEM   OBSERVED TIME   RECORD YEAR NORMAL DEPARTURE LAST
                VALUE   (LST)  VALUE       VALUE  FROM      YEAR
                                                  NORMAL
..................................................................
TEMPERATURE (F)
 YESTERDAY
  MAXIMUM         71    521 PM  92    1985  70      1       57
  MINIMUM         43    555 AM  32    1942  46     -3       45
                                      1934
  AVERAGE         57                        58     -1       51

PRECIPITATION (IN)
  YESTERDAY        0.00          1.58 1925   0.11  -0.11     0.36
  MONTH TO DATE    3.55                      2.30   1.25     2.24
  SINCE JAN 1     19.03                     12.40   6.63    13.73

SNOWFALL (IN)
  YESTERDAY        0.0           T    1993   0.0    0.0      0.0
                                      2001
  MONTH TO DATE    2.2                       1.4    0.8       T
  SINCE SEP 1     19.3                      36.4  -17.1      7.5
  SNOW DEPTH       0

DEGREE DAYS
 HEATING
  YESTERDAY        8                         8      0       14
  MONTH TO DATE  338                       238    100      123
  SINCE MAR 1   1055                       838    217      692
  SINCE JUL 1   4326                      4292     34     3399

 COOLING
  YESTERDAY        0                         1     -1        0
  MONTH TO DATE   11                        21    -10       20
  SINCE MAR 1     13                        26    -13       23
  SINCE JAN 1     22                        26     -4       23
..................................................................


WIND (MPH)
  HIGHEST WIND SPEED    10   HIGHEST WIND DIRECTION    NE (50)
  HIGHEST GUST SPEED    13   HIGHEST GUST DIRECTION    NE (30)
  AVERAGE WIND SPEED     3.1


SKY COVER
  POSSIBLE SUNSHINE  MM
  AVERAGE SKY COVER 0.7


WEATHER CONDITIONS
 THE FOLLOWING WEATHER WAS RECORDED YESTERDAY.
  NO SIGNIFICANT WEATHER WAS OBSERVED.


RELATIVE HUMIDITY (PERCENT)
 HIGHEST    70           600 AM
 LOWEST     20           600 PM
 AVERAGE    45

..........................................................


THE CHARLESTON WV CLIMATE NORMALS FOR TODAY
                         NORMAL    RECORD    YEAR
 MAXIMUM TEMPERATURE (F)   70        90      2001
                                             1985
 MINIMUM TEMPERATURE (F)   47        29      1986
                                             1982
                                             1927


SUNRISE AND SUNSET
APRIL 23 2018.........SUNRISE   640 AM EDT   SUNSET   810 PM EDT
APRIL 24 2018.........SUNRISE   638 AM EDT   SUNSET   811 PM EDT


-  INDICATES NEGATIVE NUMBERS.
R  INDICATES RECORD WAS SET OR TIED.
MM INDICATES DATA IS MISSING.
T  INDICATES TRACE AMOUNT.




$$
