000
CDUS42 KFFC 260820
CLICSG


CLIMATE REPORT
NATIONAL WEATHER SERVICE PEACHTREE CITY GA
419 AM EDT SAT MAY 26 2018


...................................

...THE COLUMBUS CLIMATE SUMMARY FOR MAY 25 2018...

CLIMATE NORMAL PERIOD 1981 TO 2010
CLIMATE RECORD PERIOD 1948 TO 2018


WEATHER ITEM   OBSERVED TIME   RECORD YEAR NORMAL DEPARTURE LAST
                VALUE   (LST)  VALUE       VALUE  FROM      YEAR
                                                  NORMAL
..................................................................
TEMPERATURE (F)
 YESTERDAY
  MAXIMUM         85    208 PM  98    1912  86     -1       77
  MINIMUM         73   1159 PM  51    1979  65      8       58
                                      1931
  AVERAGE         79                        75      4       68

PRECIPITATION (IN)
  YESTERDAY        0.29          0.98 2009   0.10   0.19      T
  MONTH TO DATE    8.07                      2.55   5.52     5.35
  SINCE MAR 1     16.24                     11.56   4.68    11.29
  SINCE JAN 1     21.40                     19.85   1.55    25.55

DEGREE DAYS
 HEATING
  YESTERDAY        0                         0      0        0
  MONTH TO DATE    0                         6     -6       13
  SINCE MAR 1    336                       341     -5      239
  SINCE JUL 1   1793                      2118   -325     1369

 COOLING
  YESTERDAY       14                        10      4        3
  MONTH TO DATE  298                       185    113      205
  SINCE MAR 1    360                       285     75      460
  SINCE JAN 1    432                       289    143      477
..................................................................


WIND (MPH)
  HIGHEST WIND SPEED    16   HIGHEST WIND DIRECTION     S (160)
  HIGHEST GUST SPEED    19   HIGHEST GUST DIRECTION     S (160)
  AVERAGE WIND SPEED     4.6


SKY COVER
  AVERAGE SKY COVER 0.5


WEATHER CONDITIONS
 THE FOLLOWING WEATHER WAS RECORDED YESTERDAY.
  THUNDERSTORM
  HEAVY RAIN
  RAIN
  LIGHT RAIN
  FOG


RELATIVE HUMIDITY (PERCENT)
 HIGHEST    93           100 AM
 LOWEST     61           200 PM
 AVERAGE    77

..........................................................


THE COLUMBUS CLIMATE NORMALS FOR TODAY
                         NORMAL    RECORD    YEAR
 MAXIMUM TEMPERATURE (F)   86        98      1933
 MINIMUM TEMPERATURE (F)   65        47      1979


SUNRISE AND SUNSET
MAY 26 2018...........SUNRISE   635 AM EDT   SUNSET   839 PM EDT
MAY 27 2018...........SUNRISE   635 AM EDT   SUNSET   839 PM EDT


-  INDICATES NEGATIVE NUMBERS.
R  INDICATES RECORD WAS SET OR TIED.
MM INDICATES DATA IS MISSING.
T  INDICATES TRACE AMOUNT.




$$
