000
CDUS43 KUNR 260831
CLICUT


CLIMATE REPORT
NATIONAL WEATHER SERVICE RAPID CITY SD
231 AM MDT THU APR 26 2018


...................................

...THE CUSTER COUNTY AIRPORT SD CLIMATE SUMMARY FOR APRIL 25 2018...

CLIMATE NORMAL PERIOD 1981 TO 2010
CLIMATE RECORD PERIOD 9999 TO 9999


WEATHER ITEM   OBSERVED TIME   NORMAL DEPARTURE LAST
                VALUE   (LST)  VALUE  FROM      YEAR
                                      NORMAL
......................................................
TEMPERATURE (F)
 YESTERDAY
  MAXIMUM         62    535 PM  54      8       34
  MINIMUM         24    321 AM  30     -6       24
  AVERAGE         43            42      1       29

PRECIPITATION (IN)
  YESTERDAY        0.00          0.07  -0.07     0.33
  MONTH TO DATE    1.47          1.66  -0.19     2.86
  SINCE MAR 1      3.15          2.67   0.48     3.57
  SINCE JAN 1      5.46          3.53   1.93     5.58

DEGREE DAYS
 HEATING
  YESTERDAY       22            23     -1       36
  MONTH TO DATE  768           666    102      581
  SINCE MAR 1   1801          1706     95     1425
  SINCE JUL 1   7593          7541     52     6793

 COOLING
  YESTERDAY        0             0      0        0
  MONTH TO DATE    0             0      0        0
  SINCE MAR 1      0             0      0        0
  SINCE JAN 1      0             0      0        0
......................................................


WIND (MPH)
  HIGHEST WIND SPEED    21   HIGHEST WIND DIRECTION     W (270)
  HIGHEST GUST SPEED    34   HIGHEST GUST DIRECTION     N (20)
  AVERAGE WIND SPEED    10.0


SKY COVER
  AVERAGE SKY COVER 0.0


WEATHER CONDITIONS
 THE FOLLOWING WEATHER WAS RECORDED YESTERDAY.
  NO SIGNIFICANT WEATHER WAS OBSERVED.


RELATIVE HUMIDITY (PERCENT)
 HIGHEST    75
 LOWEST     12
 AVERAGE    44

..........................................................




SUNRISE AND SUNSET
APRIL 26 2018.........SUNRISE   554 AM MDT   SUNSET   751 PM MDT
APRIL 27 2018.........SUNRISE   552 AM MDT   SUNSET   752 PM MDT


-  INDICATES NEGATIVE NUMBERS.
R  INDICATES RECORD WAS SET OR TIED.
MM INDICATES DATA IS MISSING.
T  INDICATES TRACE AMOUNT.




$$
