000
CDUS41 KILN 200544
CLICVG


CLIMATE REPORT
NATIONAL WEATHER SERVICE WILMINGTON OH
135 AM EDT SUN MAY 20 2018


...................................

...THE CINCINNATI OH CLIMATE SUMMARY FOR MAY 19 2018...

CLIMATE NORMAL PERIOD 1981 TO 2010
CLIMATE RECORD PERIOD 1869 TO 2018


WEATHER ITEM   OBSERVED TIME   RECORD YEAR NORMAL DEPARTURE LAST
                VALUE   (LST)  VALUE       VALUE  FROM      YEAR
                                                  NORMAL
..................................................................
TEMPERATURE (F)
 YESTERDAY
  MAXIMUM         80    303 PM  92    1964  75      5       84
                                      1911
  MINIMUM         64    527 AM  30    2002  54     10       64
  AVERAGE         72                        64      8       74

PRECIPITATION (IN)
  YESTERDAY        0.19          1.14 2008   0.16   0.03     0.22
  MONTH TO DATE    1.49                      3.02  -1.53     3.47
  SINCE MAR 1      9.27                     10.87  -1.60    13.44
  SINCE JAN 1     19.28                     16.68   2.60    20.66

SNOWFALL (IN)
  YESTERDAY        0.0           0.0         0.0    0.0      0.0
  MONTH TO DATE    0.0                       0.0    0.0      0.0
  SINCE MAR 1     12.2                       3.5    8.7      2.0
  SINCE JUL 1     23.8                      22.1    1.7     10.0
  SNOW DEPTH       0

DEGREE DAYS
 HEATING
  YESTERDAY        0                         4     -4        0
  MONTH TO DATE    9                        96    -87      120
  SINCE MAR 1   1267                      1103    164      912
  SINCE JUL 1   4954                      4930     24     3992

 COOLING
  YESTERDAY        7                         3      4        9
  MONTH TO DATE  120                        33     87       47
  SINCE MAR 1    127                        51     76       99
  SINCE JAN 1    132                        51     81       99
..................................................................


WIND (MPH)
  RESULTANT WIND SPEED   6   RESULTANT WIND DIRECTION   S (200)
  HIGHEST WIND SPEED    17   HIGHEST WIND DIRECTION    SW (240)
  HIGHEST GUST SPEED    24   HIGHEST GUST DIRECTION     W (260)
  AVERAGE WIND SPEED     7.5


SKY COVER
  POSSIBLE SUNSHINE  MM
  AVERAGE SKY COVER 0.7


WEATHER CONDITIONS
 THE FOLLOWING WEATHER WAS RECORDED YESTERDAY.
  THUNDERSTORM
  HEAVY RAIN
  LIGHT RAIN
  FOG


RELATIVE HUMIDITY (PERCENT)
 HIGHEST    93           100 AM
 LOWEST     58           300 PM
 AVERAGE    76

..........................................................


THE CINCINNATI OH CLIMATE NORMALS FOR TODAY
                         NORMAL    RECORD    YEAR
 MAXIMUM TEMPERATURE (F)   75        92      1934
 MINIMUM TEMPERATURE (F)   54        35      1894


SUNRISE AND SUNSET
MAY 20 2018...........SUNRISE   622 AM EDT   SUNSET   849 PM EDT
MAY 21 2018...........SUNRISE   621 AM EDT   SUNSET   850 PM EDT


-  INDICATES NEGATIVE NUMBERS.
R  INDICATES RECORD WAS SET OR TIED.
MM INDICATES DATA IS MISSING.
T  INDICATES TRACE AMOUNT.




$$
