000
CDUS42 KMLB 190631
CLIDAB


CLIMATE REPORT
NATIONAL WEATHER SERVICE MELBOURNE FL
231 AM EDT THU APR 19 2018


...................................

...THE DAYTONA BEACH CLIMATE SUMMARY FOR APRIL 18 2018...

CLIMATE NORMAL PERIOD 1981 TO 2010
CLIMATE RECORD PERIOD 1923 TO 2018


WEATHER ITEM   OBSERVED TIME   RECORD YEAR NORMAL DEPARTURE LAST
                VALUE   (LST)  VALUE       VALUE  FROM      YEAR
                                                  NORMAL
..................................................................
TEMPERATURE (F)
 YESTERDAY
  MAXIMUM         86    214 PM  92    1967  80      6       82
  MINIMUM         51    620 AM  45    2001  59     -8       60
                                      1952
  AVERAGE         69                        69      0       71

PRECIPITATION (IN)
  YESTERDAY        0.00          2.89 1978   0.07  -0.07     0.00
  MONTH TO DATE    3.43                      1.47   1.96     1.22
  SINCE MAR 1      5.04                      5.71  -0.67     2.29
  SINCE JAN 1     11.84                     11.23   0.61     6.30

SNOWFALL (IN)
  YESTERDAY        0.0
  MONTH TO DATE    T
  SINCE JUL 1      T

DEGREE DAYS
 HEATING
  YESTERDAY        0                         1     -1        0
  MONTH TO DATE    9                        21    -12       13
  SINCE MAR 1    148                       118     30       95
  SINCE JUL 1    645                       800   -155      401

 COOLING
  YESTERDAY        4                         5     -1        6
  MONTH TO DATE   82                        74      8      111
  SINCE MAR 1    152                       151      1      232
  SINCE JAN 1    314                       216     98      352
..................................................................


WIND (MPH)
  HIGHEST WIND SPEED    12   HIGHEST WIND DIRECTION     E (80)
  HIGHEST GUST SPEED    15   HIGHEST GUST DIRECTION     E (100)
  AVERAGE WIND SPEED     4.0


SKY COVER
  AVERAGE SKY COVER 0.1


WEATHER CONDITIONS
 THE FOLLOWING WEATHER WAS RECORDED YESTERDAY.
  FOG
  HAZE


RELATIVE HUMIDITY (PERCENT)
 HIGHEST   100           700 AM
 LOWEST     27           200 PM
 AVERAGE    64

..........................................................


THE DAYTONA BEACH CLIMATE NORMALS FOR TODAY
                         NORMAL    RECORD    YEAR
 MAXIMUM TEMPERATURE (F)   80        92      1968
 MINIMUM TEMPERATURE (F)   59        43      2001
                                             1997


SUNRISE AND SUNSET
APRIL 19 2018.........SUNRISE   654 AM EDT   SUNSET   753 PM EDT
APRIL 20 2018.........SUNRISE   653 AM EDT   SUNSET   754 PM EDT


-  INDICATES NEGATIVE NUMBERS.
R  INDICATES RECORD WAS SET OR TIED.
MM INDICATES DATA IS MISSING.
T  INDICATES TRACE AMOUNT.




$$
