000
CDUS43 KILX 192130
CLIDEC


CLIMATE REPORT
NATIONAL WEATHER SERVICE LINCOLN IL
430 PM CDT THU APR 19 2018


...................................

...THE DECATUR IL AIRPORT CLIMATE SUMMARY FOR APRIL 19 2018...
VALID TODAY AS OF 0400 PM LOCAL TIME.

CLIMATE NORMAL PERIOD 1981 TO 2010
CLIMATE RECORD PERIOD 9999 TO 9999


WEATHER ITEM   OBSERVED TIME   RECORD YEAR NORMAL DEPARTURE LAST
                VALUE   (LST)  VALUE       VALUE  FROM      YEAR
                                                  NORMAL
..................................................................
TEMPERATURE (F)
 TODAY
  MAXIMUM         57    241 PM  MM      MM  65     -8       82
  MINIMUM         33   1210 AM  MM      MM  43    -10       61
  AVERAGE         45                        54     -9       72

PRECIPITATION (IN)
  TODAY            T            MM      MM   0.11  -0.11     0.00
  MONTH TO DATE    1.64                      2.08  -0.44     1.99
  SINCE MAR 1      5.01                      4.72   0.29     4.69
  SINCE JAN 1     10.14                      8.44   1.70     6.79

DEGREE DAYS
 HEATING
  TODAY           20                        11      9        0
  MONTH TO DATE  444                       277    167      159
  SINCE MAR 1   1251                      1004    247      814
  SINCE JUL 1   5403                      5261    142     4173

 COOLING
  TODAY            0                         0      0        7
  MONTH TO DATE    3                         0      3       18
  SINCE MAR 1      3                         1      2       18
  SINCE JAN 1      3                         1      2       18
..................................................................


WIND (MPH)
  HIGHEST WIND SPEED    18   HIGHEST WIND DIRECTION     N (20)
  HIGHEST GUST SPEED    26   HIGHEST GUST DIRECTION    NW (310)
  AVERAGE WIND SPEED    13.4


SKY COVER
  POSSIBLE SUNSHINE  MM
  AVERAGE SKY COVER 0.6


WEATHER CONDITIONS
 THE FOLLOWING WEATHER WAS RECORDED TODAY.
  FOG


RELATIVE HUMIDITY (PERCENT)
 HIGHEST    89           100 AM
 LOWEST     35           200 PM
 AVERAGE    62

..........................................................


THE DECATUR IL AIRPORT CLIMATE NORMALS FOR TOMORROW
                         NORMAL    RECORD    YEAR
 MAXIMUM TEMPERATURE (F)   66        MM        MM
 MINIMUM TEMPERATURE (F)   43        MM        MM


SUNRISE AND SUNSET
APRIL 19 2018.........SUNRISE   612 AM CDT   SUNSET   738 PM CDT
APRIL 20 2018.........SUNRISE   611 AM CDT   SUNSET   739 PM CDT


-  INDICATES NEGATIVE NUMBERS.
R  INDICATES RECORD WAS SET OR TIED.
MM INDICATES DATA IS MISSING.
T  INDICATES TRACE AMOUNT.




$$
