000
CDUS45 KBOU 212344
CLIDEN


CLIMATE REPORT
NATIONAL WEATHER SERVICE DENVER/BOULDER CO
544 PM MDT SAT APR 21 2018


...................................

...THE DENVER CO CLIMATE SUMMARY FOR APRIL 21 2018...
VALID TODAY AS OF 0500 PM LOCAL TIME.

CLIMATE NORMAL PERIOD 1981 TO 2010
CLIMATE RECORD PERIOD 1872 TO 2018


WEATHER ITEM   OBSERVED TIME   RECORD YEAR NORMAL DEPARTURE LAST
                VALUE   (LST)  VALUE       VALUE  FROM      YEAR
                                                  NORMAL
..................................................................
TEMPERATURE (F)
 TODAY
  MAXIMUM         39    230 PM  89    1989  63    -24       48
  MINIMUM         31    545 AM  14    1907  35     -4       37
  AVERAGE         35                        49    -14       43

PRECIPITATION (IN)
  TODAY            0.33          1.13 1952   0.07   0.26     0.05
  MONTH TO DATE    0.75                      1.09  -0.34     0.47
  SINCE MAR 1      1.77                      2.01  -0.24     1.37
  SINCE JAN 1      2.62                      2.79  -0.17     2.14

DEGREE DAYS
 HEATING
  TODAY           30                        16     14       22
  MONTH TO DATE  401                       394      7      300
  SINCE MAR 1   1085                      1157    -72      823
  SINCE JUL 1   5142                      5596   -454     4625

 COOLING
  TODAY            0                         0      0        0
  MONTH TO DATE    0                         0      0        0
  SINCE MAR 1      0                         0      0        0
  SINCE JAN 1      0                         0      0        0
..................................................................


WIND (MPH)
  HIGHEST WIND SPEED    13   HIGHEST WIND DIRECTION    NW (330)
  HIGHEST GUST SPEED    18   HIGHEST GUST DIRECTION    NE (50)
  AVERAGE WIND SPEED     7.9


SKY COVER
  POSSIBLE SUNSHINE  MM
  AVERAGE SKY COVER 1.0


WEATHER CONDITIONS
 THE FOLLOWING WEATHER WAS RECORDED TODAY.
  LIGHT RAIN
  LIGHT SNOW
  FOG


RELATIVE HUMIDITY (PERCENT)
 HIGHEST   100          1200 AM
 LOWEST     76           200 PM
 AVERAGE    88

..........................................................


THE DENVER CO CLIMATE NORMALS FOR TOMORROW
                         NORMAL    RECORD    YEAR
 MAXIMUM TEMPERATURE (F)   63        88      1989
 MINIMUM TEMPERATURE (F)   35        21      2013


SUNRISE AND SUNSET
APRIL 21 2018.........SUNRISE   612 AM MDT   SUNSET   743 PM MDT
APRIL 22 2018.........SUNRISE   611 AM MDT   SUNSET   744 PM MDT


-  INDICATES NEGATIVE NUMBERS.
R  INDICATES RECORD WAS SET OR TIED.
MM INDICATES DATA IS MISSING.
T  INDICATES TRACE AMOUNT.




$$
