000
CDUS44 KSHV 230737
CLIDEQ


CLIMATE REPORT
NATIONAL WEATHER SERVICE SHREVEPORT, LA
236 AM CDT MON APR 23 2018


...................................

...THE DE QUEEN CLIMATE SUMMARY FOR APRIL 22 2018...

CLIMATE NORMAL PERIOD 1981 TO 2010
CLIMATE RECORD PERIOD 1902 TO 2018


WEATHER ITEM   OBSERVED TIME   RECORD YEAR NORMAL DEPARTURE LAST
                VALUE   (LST)  VALUE       VALUE  FROM      YEAR
                                                  NORMAL
..................................................................
TEMPERATURE (F)
 YESTERDAY
  MAXIMUM         60    321 PM  92    1955  76    -16       68
  MINIMUM         54   1159 PM  34    1993  50      4       50
  AVERAGE         57                        63     -6       59

PRECIPITATION (IN)
  YESTERDAY        0.00          3.70 1952   0.14  -0.14     0.08
  MONTH TO DATE    4.42                      2.59   1.83     6.58
  SINCE DEC 1     28.56                     18.59   9.97    17.36
  SINCE JAN 1     23.31                     14.23   9.08    14.65

SNOWFALL (IN)
  YESTERDAY        0.0
  MONTH TO DATE    0.0
  SINCE MAR 1      0.0
  SINCE JUL 1      0.1
  SNOW DEPTH       0

DEGREE DAYS
 HEATING
  YESTERDAY        8                         3      5        6
  MONTH TO DATE  199                       132     67       45
  SINCE MAR 1    480                       509    -29      278
  SINCE JUL 1   2854                      3000   -146     2047

 COOLING
  YESTERDAY        0                         1     -1        0
  MONTH TO DATE    4                        22    -18       54
  SINCE MAR 1     16                        31    -15       81
  SINCE JAN 1     18                        33    -15       91
..................................................................


WIND (MPH)
  HIGHEST WIND SPEED    15   HIGHEST WIND DIRECTION    NW (310)
  HIGHEST GUST SPEED    22   HIGHEST GUST DIRECTION     W (290)
  AVERAGE WIND SPEED     7.4


SKY COVER
  POSSIBLE SUNSHINE  MM
  AVERAGE SKY COVER 1.0


WEATHER CONDITIONS
 THE FOLLOWING WEATHER WAS RECORDED YESTERDAY.
  FOG


RELATIVE HUMIDITY (PERCENT)
 HIGHEST   100           100 AM
 LOWEST     72           300 PM
 AVERAGE    86

..........................................................


THE DE QUEEN CLIMATE NORMALS FOR TODAY
                         NORMAL    RECORD    YEAR
 MAXIMUM TEMPERATURE (F)   76        89      2009
                                             1976
 MINIMUM TEMPERATURE (F)   51        35      1993


SUNRISE AND SUNSET
APRIL 23 2018.........SUNRISE   637 AM CDT   SUNSET   755 PM CDT
APRIL 24 2018.........SUNRISE   636 AM CDT   SUNSET   756 PM CDT


-  INDICATES NEGATIVE NUMBERS.
R  INDICATES RECORD WAS SET OR TIED.
MM INDICATES DATA IS MISSING.
T  INDICATES TRACE AMOUNT.




$$
