318
CDUS44 KTAE 260634
CLIDHN


CLIMATE REPORT
NATIONAL WEATHER SERVICE TALLAHASSEE FL
231 AM EDT THU APR 26 2018


...................................

...THE DOTHAN CLIMATE SUMMARY FOR APRIL 25 2018...

CLIMATE NORMAL PERIOD 1981 TO 2010
CLIMATE RECORD PERIOD 1965 TO 2018


WEATHER ITEM   OBSERVED TIME   NORMAL DEPARTURE LAST
                VALUE   (LST)  VALUE  FROM      YEAR
                                      NORMAL
......................................................
TEMPERATURE (F)
 YESTERDAY
  MAXIMUM         77    207 PM  81     -4       81
  MINIMUM         55    644 AM  56     -1       55
  AVERAGE         66            68     -2       68

PRECIPITATION (IN)
  YESTERDAY        0.00          0.09  -0.09     0.00
  MONTH TO DATE    3.82          3.14   0.68     1.55
  SINCE MAR 1      7.40          9.02  -1.62     3.08
  SINCE JAN 1     17.83         18.42  -0.59    22.67

SNOWFALL (IN)
  YESTERDAY        0.0

DEGREE DAYS
 HEATING
  YESTERDAY        0             1     -1        0
  MONTH TO DATE   61            65     -4       22
  SINCE MAR 1    278           276      2      193
  SINCE JUL 1   1559          1835   -276     1052

 COOLING
  YESTERDAY        1             4     -3        3
  MONTH TO DATE   53            64    -11      131
  SINCE MAR 1     88            85      3      207
  SINCE JAN 1    166            95     71      245
......................................................


WIND (MPH)
  HIGHEST WIND SPEED    17   HIGHEST WIND DIRECTION     N (340)
  HIGHEST GUST SPEED    26   HIGHEST GUST DIRECTION    NW (320)
  AVERAGE WIND SPEED     8.7








-  INDICATES NEGATIVE NUMBERS.
R  INDICATES RECORD WAS SET OR TIED.
MM INDICATES DATA IS MISSING.
T  INDICATES TRACE AMOUNT.




$$
