170
CDUS43 KEAX 230034
CLIDMO


CLIMATE REPORT
NATIONAL WEATHER SERVICE KANSAS CITY/PLEASANT HILL MO
734 PM CDT TUE MAY 22 2018


...................................

...THE SEDALIA MO CLIMATE SUMMARY FOR MAY 22 2018...
VALID TODAY AS OF 0700 PM LOCAL TIME.

CLIMATE NORMAL PERIOD 1981 TO 2010
CLIMATE RECORD PERIOD 9999 TO 9999


WEATHER ITEM   OBSERVED TIME   NORMAL DEPARTURE LAST
                VALUE   (LST)  VALUE  FROM      YEAR
                                      NORMAL
......................................................
TEMPERATURE (F)
 TODAY
  MAXIMUM         84    409 PM  78      6       73
  MINIMUM         57    500 AM  57      0       49
  AVERAGE         71            68      3       61

PRECIPITATION (IN)
  TODAY            0.00          0.14  -0.14     0.03
  MONTH TO DATE    3.27          3.41  -0.14     2.97
  SINCE MAR 1      6.47         10.27  -3.80    13.76
  SINCE JAN 1     10.42         13.87  -3.45    15.18

DEGREE DAYS
 HEATING
  TODAY            0             2     -2        4
  MONTH TO DATE    0            73    -73       61
  SINCE MAR 1   1089           938    151      710
  SINCE JUL 1   4619          4555     64     3593

 COOLING
  TODAY            6             4      2        0
  MONTH TO DATE  185            57    128       77
  SINCE MAR 1    205            91    114      127
  SINCE JAN 1    205            91    114      127
......................................................


WIND (MPH)
  HIGHEST WIND SPEED     9   HIGHEST WIND DIRECTION    SE (130)
  HIGHEST GUST SPEED    14   HIGHEST GUST DIRECTION    SE (130)
  AVERAGE WIND SPEED     3.5


SKY COVER
  AVERAGE SKY COVER 0.0


WEATHER CONDITIONS
 THE FOLLOWING WEATHER WAS RECORDED TODAY.
  FOG


RELATIVE HUMIDITY (PERCENT)
 HIGHEST   100           100 AM
 LOWEST     54           100 PM
 AVERAGE    77

..........................................................


THE SEDALIA MO CLIMATE NORMALS FOR TOMORROW
                         NORMAL
 MAXIMUM TEMPERATURE (F)   78
 MINIMUM TEMPERATURE (F)   58


SUNRISE AND SUNSET
MAY 22 2018...........SUNRISE   555 AM CDT   SUNSET   824 PM CDT
MAY 23 2018...........SUNRISE   554 AM CDT   SUNSET   825 PM CDT


-  INDICATES NEGATIVE NUMBERS.
R  INDICATES RECORD WAS SET OR TIED.
MM INDICATES DATA IS MISSING.
T  INDICATES TRACE AMOUNT.




$$
