000
CDUS46 KOTX 210833
CLIEAT


CLIMATE REPORT
NATIONAL WEATHER SERVICE SPOKANE, WA
131 AM PDT SAT APR 21 2018


...................................

...THE WENATCHEE WA PANGBORN FIELD CLIMATE SUMMARY FOR APRIL 20 2018...

CLIMATE NORMAL PERIOD 1981 TO 2010
CLIMATE RECORD PERIOD 1959 TO 2018


WEATHER ITEM   OBSERVED TIME   RECORD YEAR NORMAL DEPARTURE LAST
                VALUE   (LST)  VALUE       VALUE  FROM      YEAR
                                                  NORMAL
..................................................................
TEMPERATURE (F)
 YESTERDAY
  MAXIMUM         66    329 PM  86    2016  63      3       62
  MINIMUM         45    510 AM  27    1961  41      4       43
  AVERAGE         56                        52      4       53

PRECIPITATION (IN)
  YESTERDAY        T             0.28 1967   0.01  -0.01     0.10
  MONTH TO DATE    1.05                      0.31   0.74     2.14
  SINCE OCT 1      6.43                      5.77   0.66     9.00
  SINCE JAN 1      3.35                      2.82   0.53     6.18

DEGREE DAYS
 HEATING
  YESTERDAY        9                        13     -4       12
  MONTH TO DATE  346                       289     57      344
  SINCE MAR 1   1043                       937    106     1082
  SINCE JUL 1   5461                      5401     60     5873

 COOLING
  YESTERDAY        0                         0      0        0
  MONTH TO DATE    0                         0      0        0
  SINCE MAR 1      0                         2     -2        0
  SINCE JAN 1      0                         2     -2        0
..................................................................


WIND (MPH)
  HIGHEST WIND SPEED    17   HIGHEST WIND DIRECTION    NW (310)
  HIGHEST GUST SPEED    20   HIGHEST GUST DIRECTION     N (360)
  AVERAGE WIND SPEED     7.3


SKY COVER
  POSSIBLE SUNSHINE  MM
  AVERAGE SKY COVER 0.3


WEATHER CONDITIONS
 THE FOLLOWING WEATHER WAS RECORDED YESTERDAY.
  LIGHT RAIN


RELATIVE HUMIDITY (PERCENT)
 HIGHEST    58           200 AM
 LOWEST     28           100 PM
 AVERAGE    43

..........................................................


THE WENATCHEE WA PANGBORN FIELD CLIMATE NORMALS FOR TODAY
                         NORMAL    RECORD    YEAR
 MAXIMUM TEMPERATURE (F)   64        84      2009
 MINIMUM TEMPERATURE (F)   42        25      2008


SUNRISE AND SUNSET
APRIL 21 2018.........SUNRISE   601 AM PDT   SUNSET   759 PM PDT
APRIL 22 2018.........SUNRISE   559 AM PDT   SUNSET   800 PM PDT


-  INDICATES NEGATIVE NUMBERS.
R  INDICATES RECORD WAS SET OR TIED.
MM INDICATES DATA IS MISSING.
T  INDICATES TRACE AMOUNT.




$$
