000
CDUS46 KEKA 201217
CLIEKA


CLIMATE REPORT
NATIONAL WEATHER SERVICE EUREKA CA
517 AM PDT FRI APR 20 2018


...................................

...THE EUREKA CA CLIMATE SUMMARY FOR APRIL 19 2018...

CLIMATE NORMAL PERIOD 1981 TO 2010
CLIMATE RECORD PERIOD 1886 TO 2018


WEATHER ITEM   OBSERVED RECORD YEAR NORMAL DEPARTURE LAST
                VALUE   VALUE       VALUE  FROM      YEAR
                                           NORMAL
...........................................................
TEMPERATURE (F)
 YESTERDAY
  MAXIMUM         58     79    1918  58      0       63
  MINIMUM         42     34    1896  44     -2       51
  AVERAGE         50                 51     -1       57

PRECIPITATION (IN)
  YESTERDAY        0.00   1.78 1904   0.10  -0.10     0.32
  MONTH TO DATE    3.78               2.31   1.47     4.20
  SINCE OCT 1     33.99              35.71  -1.72    59.55
  SINCE JAN 1     23.01              19.74   3.27    33.78

SNOWFALL (IN)
  YESTERDAY        0.0    0.0  2002   0.0    0.0      0.0
                               2001
  MONTH TO DATE    0.0                0.0    0.0       T
  SINCE MAR 1      T                  0.0    0.0       T
  SINCE JUL 1      T                  0.2   -0.2       T
  SNOW DEPTH       0

DEGREE DAYS
 HEATING
  YESTERDAY       15                 14      1        8
  MONTH TO DATE  268                277     -9      244
  SINCE MAR 1    778                753     25      674
  SINCE JUL 1   3579               3675    -96     3563

 COOLING
  YESTERDAY        0                  0      0        0
  MONTH TO DATE    0                  0      0        0
  SINCE MAR 1      0                  0      0        0
  SINCE JAN 1      0                  0      0        0
...........................................................


WIND (MPH)
  HIGHEST WIND SPEED    12   HIGHEST WIND DIRECTION    NW (330)
  HIGHEST GUST SPEED    18   HIGHEST GUST DIRECTION    NW (320)
  AVERAGE WIND SPEED     4.8


SKY COVER
  AVERAGE SKY COVER 0.1


WEATHER CONDITIONS
 THE FOLLOWING WEATHER WAS RECORDED YESTERDAY.
  FOG


..........................................................


THE EUREKA CA CLIMATE NORMALS FOR TODAY
                         NORMAL    RECORD    YEAR
 MAXIMUM TEMPERATURE (F)   58        75      1982
 MINIMUM TEMPERATURE (F)   44        36      1970


SUNRISE AND SUNSET
APRIL 20 2018.........SUNRISE   630 AM PDT   SUNSET   802 PM PDT
APRIL 21 2018.........SUNRISE   629 AM PDT   SUNSET   803 PM PDT


-  INDICATES NEGATIVE NUMBERS.
R  INDICATES RECORD WAS SET OR TIED.
MM INDICATES DATA IS MISSING.
T  INDICATES TRACE AMOUNT.




&&

..........................................................

TOTAL SEASON     NORMAL   % OF NORMAL     LAST SEASON

    33.99         35.71        95            59.55


$$
