000
CDUS46 KHNX 200035
CLIFAT


CLIMATE REPORT
NATIONAL WEATHER SERVICE SAN JOAQUIN VALLEY, CA
535 PM PDT THU APR 19 2018


...................................

...THE FRESNO CA CLIMATE SUMMARY FOR APRIL 19 2018...
VALID AS OF 0400 PM LOCAL TIME.

CLIMATE NORMAL PERIOD 1981 TO 2010
CLIMATE RECORD PERIOD 1887 TO 2018


WEATHER ITEM   OBSERVED TIME   RECORD YEAR NORMAL DEPARTURE LAST
                VALUE   (LST)  VALUE       VALUE  FROM      YEAR
                                                  NORMAL
..................................................................
TEMPERATURE (F)
 TODAY
  MAXIMUM         71    243 PM  93    2009  76     -5       73
                                      1950
  MINIMUM         48    719 AM  35    1955  50     -2       51
  AVERAGE         60                        63     -3       62

PRECIPITATION (IN)
  TODAY            0.00          0.99 1988   0.03  -0.03     0.00
  MONTH TO DATE    0.64                      0.66  -0.02     3.42
  SINCE OCT 1      6.73                     10.38  -3.65    17.08
  SINCE JAN 1      6.32                      6.91  -0.59    12.52

SNOWFALL (IN)
  TODAY            0.0
  MONTH TO DATE    0.0
  SINCE MAR 1      0.0
  SINCE JUL 1      0.0
  SNOW DEPTH       0

DEGREE DAYS
 HEATING
  TODAY            5                         4      1        3
  MONTH TO DATE   59                       105    -46       79
  SINCE MAR 1    317                       370    -53      281
  SINCE JUL 1   1798                      2282   -484     1895

 COOLING
  TODAY            0                         2     -2        0
  MONTH TO DATE   24                        21      3        6
  SINCE MAR 1     34                        26      8       23
  SINCE JAN 1     34                        26      8       23
..................................................................


WIND (MPH)
  HIGHEST WIND SPEED    24   HIGHEST WIND DIRECTION    NW (310)
  HIGHEST GUST SPEED    34   HIGHEST GUST DIRECTION    NW (300)
  AVERAGE WIND SPEED    13.0




RELATIVE HUMIDITY (PERCENT)
 HIGHEST    71
 LOWEST     26
 AVERAGE    49

..........................................................


THE FRESNO CA CLIMATE NORMALS FOR TOMORROW
                         NORMAL    RECORD    YEAR
 MAXIMUM TEMPERATURE (F)   76        96      2009
 MINIMUM TEMPERATURE (F)   50        36      1896


SUNRISE AND SUNSET
APRIL 19 2018.........SUNRISE   619 AM PDT   SUNSET   737 PM PDT
APRIL 20 2018.........SUNRISE   618 AM PDT   SUNSET   738 PM PDT


-  INDICATES NEGATIVE NUMBERS.
R  INDICATES RECORD WAS SET OR TIED.
MM INDICATES DATA IS MISSING.
T  INDICATES TRACE AMOUNT.




$$
