971
CDUS42 KRAH 202048
CLIFAY


CLIMATE REPORT
NATIONAL WEATHER SERVICE RALEIGH NC
442 PM EDT FRI APR 20 2018


...................................

...THE FAYETTEVILLE REGL AIRPORT NC CLIMATE SUMMARY FOR APRIL 20 2018...
VALID TODAY AS OF 0442 PM LOCAL TIME.

CLIMATE NORMAL PERIOD 1981 TO 2010
CLIMATE RECORD PERIOD 1910 TO 2018


WEATHER ITEM   OBSERVED TIME   RECORD YEAR NORMAL DEPARTURE LAST
                VALUE   (LST)  VALUE       VALUE  FROM      YEAR
                                                  NORMAL
..................................................................
TEMPERATURE (F)
 TODAY
  MAXIMUM         68    333 PM  94    1917  76     -8       86
  MINIMUM         40    611 AM  31    1983  51    -11       62
  AVERAGE         54                        64    -10       74

PRECIPITATION (IN)
  TODAY            0.00          2.70 1940   0.10  -0.10     0.00
  MONTH TO DATE    1.38                      2.04  -0.66     1.11
  SINCE MAR 1      4.25                      5.59  -1.34     3.79
  SINCE JAN 1      8.95                     11.65  -2.70     7.21

DEGREE DAYS
 HEATING
  TODAY           11                         4      7        0
  MONTH TO DATE  135                       109     26       35
  SINCE MAR 1    599                       453    146      384
  SINCE JUL 1   2665                      2678    -13     2006

 COOLING
  TODAY            0                         3     -3        9
  MONTH TO DATE   31                        35     -4       72
  SINCE MAR 1     36                        47    -11      108
  SINCE JAN 1     84                        51     33      123
..................................................................


WIND (MPH)
  HIGHEST WIND SPEED    14   HIGHEST WIND DIRECTION     N (10)
  HIGHEST GUST SPEED    21   HIGHEST GUST DIRECTION     N (10)
  AVERAGE WIND SPEED     8.0


SKY COVER
  POSSIBLE SUNSHINE  MM
  AVERAGE SKY COVER 0.0


WEATHER CONDITIONS
 THE FOLLOWING WEATHER WAS RECORDED TODAY.
  NO SIGNIFICANT WEATHER WAS OBSERVED.


RELATIVE HUMIDITY (PERCENT)
 HIGHEST    64           500 AM
 LOWEST     23           100 PM
 AVERAGE    44

..........................................................


THE FAYETTEVILLE REGL AIRPORT NC CLIMATE NORMALS FOR TOMORROW
                         NORMAL    RECORD    YEAR
 MAXIMUM TEMPERATURE (F)   76        94      2002
 MINIMUM TEMPERATURE (F)   52        29      1956


SUNRISE AND SUNSET
APRIL 20 2018.........SUNRISE   637 AM EDT   SUNSET   752 PM EDT
APRIL 21 2018.........SUNRISE   636 AM EDT   SUNSET   753 PM EDT


-  INDICATES NEGATIVE NUMBERS.
R  INDICATES RECORD WAS SET OR TIED.
MM INDICATES DATA IS MISSING.
T  INDICATES TRACE AMOUNT.




$$
