000
CDUS42 KMFL 210822
CLIFLL


CLIMATE REPORT
NATIONAL WEATHER SERVICE MIAMI, FL
422 AM EDT SAT APR 21 2018


...................................

...THE FORT LAUDERDALE CLIMATE SUMMARY FOR APRIL 20 2018...

CLIMATE NORMAL PERIOD 1981 TO 2010
CLIMATE RECORD PERIOD 1912 TO 2018


WEATHER ITEM   OBSERVED TIME   RECORD YEAR NORMAL DEPARTURE LAST
                VALUE   (LST)  VALUE       VALUE  FROM      YEAR
                                                  NORMAL
..................................................................
TEMPERATURE (F)
 YESTERDAY
  MAXIMUM         85   1125 AM  90    2006  83      2       81
  MINIMUM         67    609 AM  55    1983  70     -3       73
  AVERAGE         76                        77     -1       77

PRECIPITATION (IN)
  YESTERDAY        0.00          1.54 1992   0.11  -0.11     0.03
  MONTH TO DATE    0.97                      2.08  -1.11     0.30
  SINCE NOV 1     11.72                     17.73  -6.01     9.71
  SINCE JAN 1      5.09                     12.03  -6.94     5.08

SNOWFALL (IN)
  YESTERDAY        0.0
  MONTH TO DATE    0.0
  SINCE MAR 1      0.0
  SINCE JUL 1      0.0
  SNOW DEPTH       0

DEGREE DAYS
 HEATING
  YESTERDAY        0                         0      0        0
  MONTH TO DATE    0                         0      0        0
  SINCE MAR 1     15                         9      6        6
  SINCE JUL 1    141                       111     30       35

 COOLING
  YESTERDAY       11                        12     -1       12
  MONTH TO DATE  237                       213     24      240
  SINCE MAR 1    423                       467    -44      493
  SINCE JAN 1    847                       823     24      949
..................................................................


WIND (MPH)
  HIGHEST WIND SPEED    15   HIGHEST WIND DIRECTION     E (110)
  HIGHEST GUST SPEED    19   HIGHEST GUST DIRECTION     E (80)
  AVERAGE WIND SPEED     9.1


SKY COVER
  AVERAGE SKY COVER 0.2


WEATHER CONDITIONS
 THE FOLLOWING WEATHER WAS RECORDED YESTERDAY.
  NO SIGNIFICANT WEATHER WAS OBSERVED.


RELATIVE HUMIDITY (PERCENT)
 HIGHEST    90
 LOWEST     55
 AVERAGE    73

..........................................................


THE FORT LAUDERDALE CLIMATE NORMALS FOR TODAY
                         NORMAL    RECORD    YEAR
 MAXIMUM TEMPERATURE (F)   83        89      1959
                                             1922
 MINIMUM TEMPERATURE (F)   70        49      1953


SUNRISE AND SUNSET
APRIL 21 2018.........SUNRISE   652 AM EDT   SUNSET   747 PM EDT
APRIL 22 2018.........SUNRISE   651 AM EDT   SUNSET   748 PM EDT


-  INDICATES NEGATIVE NUMBERS.
R  INDICATES RECORD WAS SET OR TIED.
MM INDICATES DATA IS MISSING.
T  INDICATES TRACE AMOUNT.




$$
