000
CDUS42 KILM 262052
CLIFLO


CLIMATE REPORT
NATIONAL WEATHER SERVICE WILMINGTON NC
452 PM EDT THU APR 26 2018


...................................

...THE FLORENCE SOUTH  CAROLINA CLIMATE SUMMARY FOR APRIL 26 2018...
VALID TODAY AS OF 0400 PM LOCAL TIME.

CLIMATE NORMAL PERIOD 1981 TO 2010
CLIMATE RECORD PERIOD 1948 TO 2018


WEATHER ITEM   OBSERVED TIME   RECORD YEAR NORMAL DEPARTURE LAST
                VALUE   (LST)  VALUE       VALUE  FROM      YEAR
                                                  NORMAL
..................................................................
TEMPERATURE (F)
 TODAY
  MAXIMUM         78    249 PM  93    1990  78      0       84
  MINIMUM         60    558 AM  43    2001  53      7       55
  AVERAGE         69                        66      3       70

PRECIPITATION (IN)
  TODAY            0.00          1.03 1950   0.09  -0.09     0.00
  MONTH TO DATE    5.41                      2.28   3.13     4.55
  SINCE MAR 1      8.31                      5.61   2.70     6.15
  SINCE JAN 1     11.35                     11.76  -0.41    11.02

SNOWFALL (IN)
  TODAY           MM            MM      MM   0.0
  MONTH TO DATE   MM                         0.0
  SINCE MAR 1     MM                         0.1
  SINCE JUL 1     MM                         1.5
  SNOW DEPTH      MM

DEGREE DAYS
 HEATING
  TODAY            0                         2     -2        0
  MONTH TO DATE  136                       115     21       49
  SINCE MAR 1    519                       425     94      380
  SINCE JUL 1   2413                      2491    -78     1825

 COOLING
  TODAY            4                         3      1        5
  MONTH TO DATE   50                        56     -6       88
  SINCE MAR 1     57                        74    -17      128
  SINCE JAN 1    109                        80     29      141
..................................................................


WIND (MPH)
  RESULTANT WIND SPEED   2   RESULTANT WIND DIRECTION   E (70)
  HIGHEST WIND SPEED    13   HIGHEST WIND DIRECTION     S (180)
  HIGHEST GUST SPEED    17   HIGHEST GUST DIRECTION    NE (60)
  AVERAGE WIND SPEED     5.4


SKY COVER
  POSSIBLE SUNSHINE  MM
  AVERAGE SKY COVER 0.6


WEATHER CONDITIONS
 THE FOLLOWING WEATHER WAS RECORDED TODAY.
  NO SIGNIFICANT WEATHER WAS OBSERVED.


RELATIVE HUMIDITY (PERCENT)
 HIGHEST    84          1200 AM
 LOWEST     47           200 PM
 AVERAGE    66

..........................................................


THE FLORENCE SOUTH  CAROLINA CLIMATE NORMALS FOR TOMORROW
                         NORMAL    RECORD    YEAR
 MAXIMUM TEMPERATURE (F)   79        96      1981
 MINIMUM TEMPERATURE (F)   54        38      1972


SUNRISE AND SUNSET
APRIL 26 2018.........SUNRISE   635 AM EDT   SUNSET   759 PM EDT
APRIL 27 2018.........SUNRISE   634 AM EDT   SUNSET   800 PM EDT


-  INDICATES NEGATIVE NUMBERS.
R  INDICATES RECORD WAS SET OR TIED.
MM INDICATES DATA IS MISSING.
T  INDICATES TRACE AMOUNT.




$$
