000
CDUS43 KFSD 210652
CLIFSD


CLIMATE REPORT
NATIONAL WEATHER SERVICE SIOUX FALLS SD
150 AM CDT SAT APR 21 2018


...................................

...THE SIOUX FALLS SD CLIMATE SUMMARY FOR APRIL 20 2018...

CLIMATE NORMAL PERIOD 1981 TO 2010
CLIMATE RECORD PERIOD 1893 TO 2018


WEATHER ITEM   OBSERVED TIME   RECORD YEAR NORMAL DEPARTURE LAST
                VALUE   (LST)  VALUE       VALUE  FROM      YEAR
                                                  NORMAL
..................................................................
TEMPERATURE (F)
 YESTERDAY
  MAXIMUM         49    256 PM  93    1980  61    -12       51
  MINIMUM         28    435 AM  16    2013  36     -8       41
  AVERAGE         39                        48     -9       46

PRECIPITATION (IN)
  YESTERDAY        0.00          1.26 1917   0.10  -0.10      T
  MONTH TO DATE    3.14                      1.96   1.18     1.20
  SINCE MAR 1      5.20                      3.72   1.48     1.74
  SINCE JAN 1      6.74                      4.88   1.86     2.85

SNOWFALL (IN)
  YESTERDAY        0.0           1.5  1893   0.2   -0.2      0.0
  MONTH TO DATE   31.4                       3.7   27.7       T
  SINCE MAR 1     38.8                      12.1   26.7      8.0
  SINCE JUL 1     70.4                      43.6   26.8     39.4
  SNOW DEPTH       1

DEGREE DAYS
 HEATING
  YESTERDAY       26                        17      9       19
  MONTH TO DATE  676                       417    259      276
  SINCE MAR 1   1642                      1412    230     1186
  SINCE JUL 1   7294                      7262     32     5992

 COOLING
  YESTERDAY        0                         0      0        0
  MONTH TO DATE    0                         0      0        1
  SINCE MAR 1      0                         0      0        1
  SINCE JAN 1      0                         0      0        1
..................................................................


WIND (MPH)
  HIGHEST WIND SPEED    13   HIGHEST WIND DIRECTION     E (100)
  HIGHEST GUST SPEED    17   HIGHEST GUST DIRECTION    SE (150)
  AVERAGE WIND SPEED     6.9


SKY COVER
  POSSIBLE SUNSHINE  MM
  AVERAGE SKY COVER 0.7


WEATHER CONDITIONS
 THE FOLLOWING WEATHER WAS RECORDED YESTERDAY.
  NO SIGNIFICANT WEATHER WAS OBSERVED.


RELATIVE HUMIDITY (PERCENT)
 HIGHEST    85           900 PM
 LOWEST     58          1200 PM
 AVERAGE    72

..........................................................


THE SIOUX FALLS SD CLIMATE NORMALS FOR TODAY
                         NORMAL    RECORD    YEAR
 MAXIMUM TEMPERATURE (F)   61        93      1980
 MINIMUM TEMPERATURE (F)   37        17      1927


SUNRISE AND SUNSET
APRIL 21 2018.........SUNRISE   634 AM CDT   SUNSET   817 PM CDT
APRIL 22 2018.........SUNRISE   633 AM CDT   SUNSET   819 PM CDT


-  INDICATES NEGATIVE NUMBERS.
R  INDICATES RECORD WAS SET OR TIED.
MM INDICATES DATA IS MISSING.
T  INDICATES TRACE AMOUNT.




$$
