000
CDUS42 KFFC 240830
CLIFTY


CLIMATE REPORT
NATIONAL WEATHER SERVICE PEACHTREE CITY GA
430 AM EDT THU MAY 24 2018


...................................

...THE FULTON COUNTY AIRPORT CLIMATE SUMMARY FOR MAY 23 2018...

CLIMATE NORMAL PERIOD 1981 TO 2010
CLIMATE RECORD PERIOD 9999 TO 9999


WEATHER ITEM   OBSERVED TIME   RECORD YEAR NORMAL DEPARTURE LAST
                VALUE   (LST)  VALUE       VALUE  FROM      YEAR
                                                  NORMAL
..................................................................
TEMPERATURE (F)
 YESTERDAY
  MAXIMUM         84    512 PM  MM      MM  82      2       76
  MINIMUM         69    601 AM  MM      MM  60      9       63
  AVERAGE         77                        71      6       70

PRECIPITATION (IN)
  YESTERDAY        0.00         MM      MM   0.11  -0.11     0.57
  MONTH TO DATE    5.88                      2.82   3.06     3.47
  SINCE MAR 1     14.54                     11.37   3.17    11.68
  SINCE JAN 1     21.92                     20.54   1.38    19.73

DEGREE DAYS
 COOLING
  YESTERDAY       12                         7      5        5
  MONTH TO DATE  178                        99     79      134
  SINCE MAR 1    193                       138     55      273
  SINCE JAN 1    213                       138     75      273
..................................................................


WIND (MPH)
  RESULTANT WIND SPEED   2   RESULTANT WIND DIRECTION  NE (60)
  HIGHEST WIND SPEED    14   HIGHEST WIND DIRECTION    NW (300)
  HIGHEST GUST SPEED    18   HIGHEST GUST DIRECTION     W (290)
  AVERAGE WIND SPEED     2.7


SKY COVER
  AVERAGE SKY COVER 0.8


WEATHER CONDITIONS
 THE FOLLOWING WEATHER WAS RECORDED YESTERDAY.
  THUNDERSTORM
  HEAVY RAIN
  LIGHT RAIN
  FOG


RELATIVE HUMIDITY (PERCENT)
 HIGHEST   100           100 AM
 LOWEST     65           300 PM
 AVERAGE    83

..........................................................


THE FULTON COUNTY AIRPORT CLIMATE NORMALS FOR TODAY
                         NORMAL    RECORD    YEAR
 MAXIMUM TEMPERATURE (F)   83        MM        MM
 MINIMUM TEMPERATURE (F)   61        MM        MM


SUNRISE AND SUNSET
MAY 24 2018...........SUNRISE   632 AM EDT   SUNSET   839 PM EDT
MAY 25 2018...........SUNRISE   631 AM EDT   SUNSET   839 PM EDT


-  INDICATES NEGATIVE NUMBERS.
R  INDICATES RECORD WAS SET OR TIED.
MM INDICATES DATA IS MISSING.
T  INDICATES TRACE AMOUNT.




$$
