990
CDUS43 KDDC 230717
CLIGCK


CLIMATE REPORT
NATIONAL WEATHER SERVICE DODGE CITY KS
217 AM CDT MON APR 23 2018


...................................

...THE GARDEN CITY REGIONAL ARPT KS CLIMATE SUMMARY FOR APRIL 22 2018...

CLIMATE NORMAL PERIOD 1981 TO 2010
CLIMATE RECORD PERIOD 1948 TO 2018


WEATHER ITEM   OBSERVED TIME   RECORD YEAR NORMAL DEPARTURE LAST
                VALUE   (LST)  VALUE       VALUE  FROM      YEAR
                                                  NORMAL
..................................................................
TEMPERATURE (F)
 YESTERDAY
  MAXIMUM         59    512 PM 100    1989  69    -10       58
  MINIMUM         33    607 AM  25    1982  41     -8       35
  AVERAGE         46                        55     -9       47

PRECIPITATION (IN)
  YESTERDAY        0.01          0.53 2010   0.07  -0.06     0.00
  MONTH TO DATE    0.18                      1.19  -1.01     1.49
  SINCE MAR 1      0.56                      2.65  -2.09     3.99
  SINCE JAN 1      0.56                      3.53  -2.97     5.28

DEGREE DAYS
 HEATING
  YESTERDAY       19                        10      9
  MONTH TO DATE  417                       302    115
  SINCE MAR 1    995                       966     29
  SINCE JUL 1   4879                      4990   -111

 COOLING
  YESTERDAY        0                         1     -1
  MONTH TO DATE    1                         3     -2
  SINCE MAR 1      5                         3      2
  SINCE JAN 1      5                         3      2
..................................................................


WIND (MPH)
  HIGHEST WIND SPEED    16   HIGHEST WIND DIRECTION    NE (30)
  HIGHEST GUST SPEED    24   HIGHEST GUST DIRECTION     N (360)
  AVERAGE WIND SPEED     7.4



WEATHER CONDITIONS
 THE FOLLOWING WEATHER WAS RECORDED YESTERDAY.
  LIGHT RAIN
  FOG


RELATIVE HUMIDITY (PERCENT)
 HIGHEST   100           300 AM
 LOWEST     47           600 PM
 AVERAGE    74

..........................................................


THE GARDEN CITY REGIONAL ARPT KS CLIMATE NORMALS FOR TODAY
                         NORMAL    RECORD    YEAR
 MAXIMUM TEMPERATURE (F)   70        96      1989
 MINIMUM TEMPERATURE (F)   41        24      2013


SUNRISE AND SUNSET
APRIL 23 2018.........SUNRISE   657 AM CDT   SUNSET   826 PM CDT
APRIL 24 2018.........SUNRISE   655 AM CDT   SUNSET   827 PM CDT


-  INDICATES NEGATIVE NUMBERS.
R  INDICATES RECORD WAS SET OR TIED.
MM INDICATES DATA IS MISSING.
T  INDICATES TRACE AMOUNT.




$$
