429
CDUS44 KSHV 262150
CLIGGG


CLIMATE REPORT
NATIONAL WEATHER SERVICE SHREVEPORT, LA
450 PM CDT SAT MAY 26 2018


...................................

...THE LONGVIEW CLIMATE SUMMARY FOR MAY 26 2018...
VALID TODAY AS OF 0400 PM LOCAL TIME.

CLIMATE NORMAL PERIOD 1981 TO 2010
CLIMATE RECORD PERIOD 1902 TO 2018


WEATHER ITEM   OBSERVED TIME   RECORD YEAR NORMAL DEPARTURE LAST
                VALUE   (LST)  VALUE       VALUE  FROM      YEAR
                                                  NORMAL
..................................................................
TEMPERATURE (F)
 TODAY
  MAXIMUM         94    259 PM  98    1942  86      8       90
  MINIMUM         71    402 AM  50    1930  65      6       70
  AVERAGE         83                        75      8       80

PRECIPITATION (IN)
  TODAY            0.01          1.66 1957   0.17  -0.16     0.00
  MONTH TO DATE    0.64                      3.99  -3.35     3.94
  SINCE DEC 1     29.19                     23.41   5.78    25.74
  SINCE JAN 1     23.86                     18.92   4.94    20.94

DEGREE DAYS
 HEATING
  TODAY            0                         0      0        0
  MONTH TO DATE    0                         8     -8        7
  SINCE MAR 1    283                       353    -70      190
  SINCE JUL 1   2077                      2257   -180     1291

 COOLING
  TODAY           18                        10      8       15
  MONTH TO DATE  327                       200    127      163
  SINCE MAR 1    437                       311    126      401
  SINCE JAN 1    473                       323    150      472
..................................................................


WIND (MPH)
  HIGHEST WIND SPEED    13   HIGHEST WIND DIRECTION    NW (320)
  HIGHEST GUST SPEED    17   HIGHEST GUST DIRECTION    SW (220)
  AVERAGE WIND SPEED     5.0


SKY COVER
  POSSIBLE SUNSHINE  MM
  AVERAGE SKY COVER 0.3


WEATHER CONDITIONS
 THE FOLLOWING WEATHER WAS RECORDED TODAY.
  THUNDERSTORM
  LIGHT RAIN


RELATIVE HUMIDITY (PERCENT)
 HIGHEST   100           300 AM
 LOWEST     52           200 PM
 AVERAGE    76

..........................................................


THE LONGVIEW CLIMATE NORMALS FOR TOMORROW
                         NORMAL    RECORD    YEAR
 MAXIMUM TEMPERATURE (F)   86        97      1902
 MINIMUM TEMPERATURE (F)   65        48      1961


SUNRISE AND SUNSET
MAY 26 2018...........SUNRISE   615 AM CDT   SUNSET   817 PM CDT
MAY 27 2018...........SUNRISE   614 AM CDT   SUNSET   818 PM CDT


-  INDICATES NEGATIVE NUMBERS.
R  INDICATES RECORD WAS SET OR TIED.
MM INDICATES DATA IS MISSING.
T  INDICATES TRACE AMOUNT.




$$
