000
CDUS45 KGJT 250738
CLIGJT


CLIMATE REPORT
NATIONAL WEATHER SERVICE GRAND JUNCTION CO
136 AM MDT FRI MAY 25 2018


...................................

...THE GRAND JUNCTION CO CLIMATE SUMMARY FOR MAY 24 2018...

CLIMATE NORMAL PERIOD 1981 TO 2010
CLIMATE RECORD PERIOD 1893 TO 2018


WEATHER ITEM   OBSERVED TIME   RECORD YEAR NORMAL DEPARTURE LAST
                VALUE   (LST)  VALUE       VALUE  FROM      YEAR
                                                  NORMAL
..................................................................
TEMPERATURE (F)
 YESTERDAY
  MAXIMUM         87    342 PM  94    2005  79      8       88
  MINIMUM         50    509 AM  37    1971  49      1       47
  AVERAGE         69                        64      5       68

PRECIPITATION (IN)
  YESTERDAY        0.00          1.83 1906   0.02  -0.02     0.00
  MONTH TO DATE    0.19                      0.71  -0.52     0.66
  SINCE MAR 1      1.47                      2.54  -1.07     1.28
  SINCE JAN 1      2.95                      3.66  -0.71     2.83

SNOWFALL (IN)
  YESTERDAY        0.0           0.0  2017   0.0    0.0      0.0
  MONTH TO DATE    0.0                       0.1   -0.1       T
  SINCE MAR 1      0.2                       3.6   -3.4       T
  SINCE JUL 1      9.0                      19.1  -10.1     13.9
  SNOW DEPTH       0

DEGREE DAYS
 HEATING
  YESTERDAY        0                         3     -3        0
  MONTH TO DATE   64                       137    -73      156
  SINCE MAR 1    987                      1192   -205      969
  SINCE JUL 1   4957                      5571   -614     4616

 COOLING
  YESTERDAY        4                         2      2        3
  MONTH TO DATE   42                        28     14       20
  SINCE MAR 1     44                        31     13       21
  SINCE JAN 1     44                        31     13       21
..................................................................


WIND (MPH)
  HIGHEST WIND SPEED    18   HIGHEST WIND DIRECTION    NW (320)
  HIGHEST GUST SPEED    26   HIGHEST GUST DIRECTION    NW (310)
  AVERAGE WIND SPEED     6.8


SKY COVER
  POSSIBLE SUNSHINE  MM
  AVERAGE SKY COVER 0.0


WEATHER CONDITIONS
 THE FOLLOWING WEATHER WAS RECORDED YESTERDAY.
  NO SIGNIFICANT WEATHER WAS OBSERVED.


RELATIVE HUMIDITY (PERCENT)
 HIGHEST    44           400 AM
 LOWEST     10           700 PM
 AVERAGE    27

..........................................................


THE GRAND JUNCTION CO CLIMATE NORMALS FOR TODAY
                         NORMAL    RECORD    YEAR
 MAXIMUM TEMPERATURE (F)   79        92      2006
                                             2001
 MINIMUM TEMPERATURE (F)   50        36      2010


SUNRISE AND SUNSET
MAY 25 2018...........SUNRISE   554 AM MDT   SUNSET   829 PM MDT
MAY 26 2018...........SUNRISE   553 AM MDT   SUNSET   830 PM MDT


-  INDICATES NEGATIVE NUMBERS.
R  INDICATES RECORD WAS SET OR TIED.
MM INDICATES DATA IS MISSING.
T  INDICATES TRACE AMOUNT.




$$
