000
CDUS43 KGLD 220804
CLIGLD

CLIMATE REPORT
NATIONAL WEATHER SERVICE GOODLAND
202 AM MDT SUN APR 22 2018

...................................

...THE GOODLAND KS CLIMATE SUMMARY FOR APRIL 21 2018...

CLIMATE NORMAL PERIOD 1981 TO 2010
CLIMATE RECORD PERIOD 1895 TO 2018

WEATHER ITEM   OBSERVED TIME   RECORD YEAR NORMAL DEPARTURE LAST
                VALUE   (LST)  VALUE       VALUE  FROM      YEAR
                                                  NORMAL
..................................................................
TEMPERATURE (F)
 YESTERDAY
  MAXIMUM         43    206 PM  93    1989  65    -22       47
  MINIMUM         37    601 AM  20    1931  36      1       38
                                      1907
  AVERAGE         40                        51    -11       43

PRECIPITATION (IN)
  YESTERDAY        0.23          0.75 1933   0.06   0.17     0.57
  MONTH TO DATE    0.87                      1.02  -0.15     1.15
  SINCE MAR 1      1.28                      2.09  -0.81     2.83
  SINCE JAN 1      2.57                      2.96  -0.39     3.76

SNOWFALL (IN)
  YESTERDAY        0.0                       0.1   -0.1      0.0
  MONTH TO DATE    3.8                       3.5    0.3      0.0
  SINCE MAR 1      4.7                      10.3   -5.6       T
  SINCE JUL 1     25.2                      34.3   -9.1      9.4
  SNOW DEPTH       0

DEGREE DAYS
 HEATING
  YESTERDAY       25                        14     11       22
  MONTH TO DATE  454                       365     89      246
  SINCE MAR 1   1149                      1123     26      841
  SINCE JUL 1   5394                      5540   -146     4726

 COOLING
  YESTERDAY        0                         0      0        0
  MONTH TO DATE    0                         0      0        7
  SINCE MAR 1      0                         0      0        7
  SINCE JAN 1      0                         0      0        7
..................................................................

WIND (MPH)
  HIGHEST WIND SPEED    20   HIGHEST WIND DIRECTION    SE (130)
  HIGHEST GUST SPEED    27   HIGHEST GUST DIRECTION    SE (120)
  AVERAGE WIND SPEED     8.5


SKY COVER
  AVERAGE SKY COVER 1.0


WEATHER CONDITIONS
 THE FOLLOWING WEATHER WAS RECORDED YESTERDAY.
  RAIN
  LIGHT RAIN
  FOG


RELATIVE HUMIDITY (PERCENT)
 HIGHEST   100
 LOWEST     82
 AVERAGE    91

..........................................................


THE GOODLAND KS CLIMATE NORMALS FOR TODAY
                         NORMAL    RECORD    YEAR
 MAXIMUM TEMPERATURE (F)   66        96      1989
 MINIMUM TEMPERATURE (F)   37        22      1982


SUNRISE AND SUNSET
APRIL 22 2018.........SUNRISE   600 AM MDT   SUNSET   731 PM MDT
APRIL 23 2018.........SUNRISE   558 AM MDT   SUNSET   732 PM MDT


-  INDICATES NEGATIVE NUMBERS.
R  INDICATES RECORD WAS SET OR TIED.
MM INDICATES DATA IS MISSING.
T  INDICATES TRACE AMOUNT.

&&

THE AVERAGE SOIL TEMPERATURE AT THE FOUR INCH DEPTH... 44

$$
