000
CDUS46 KPQR 211148
CLIHIO


CLIMATE REPORT
NATIONAL WEATHER SERVICE PORTLAND OREGON
447 AM PDT SAT APR 21 2018


...................................

...THE HILLSBORO OR CLIMATE SUMMARY FOR APRIL 20 2018...

CLIMATE NORMAL PERIOD 1981 TO 2010
CLIMATE RECORD PERIOD 1929 TO 2018


WEATHER ITEM   OBSERVED TIME   RECORD YEAR NORMAL DEPARTURE LAST
                VALUE   (LST)  VALUE       VALUE  FROM      YEAR
                                                  NORMAL
..................................................................
TEMPERATURE (F)
 YESTERDAY
  MAXIMUM         66    330 PM  88    1956  62      4       60
  MINIMUM         36    550 AM  28    2008  40     -4       40
  AVERAGE         51                        51      0       50

PRECIPITATION (IN)
  YESTERDAY        T             0.69 1980   0.10  -0.10
  MONTH TO DATE    2.88                      2.10   0.78
  SINCE OCT 1     25.29                     32.69  -7.40
  SINCE JAN 1     12.99                     16.30  -3.31

SNOWFALL (IN)
  YESTERDAY       MM
  MONTH TO DATE    0.0
  SINCE MAR 1      0.0
  SINCE JUL 1      0.0
  SNOW DEPTH       0

DEGREE DAYS
 HEATING
  YESTERDAY       14                        14      0
  MONTH TO DATE  311                       315     -4
  SINCE JUL 1   4161                      4429   -268

 COOLING
  YESTERDAY        0                         0      0
  MONTH TO DATE    0                         0      0
  SINCE JAN 1      0                         0      0
..................................................................


WIND (MPH)
  HIGHEST WIND SPEED    15   HIGHEST WIND DIRECTION     W (250)
  HIGHEST GUST SPEED    19   HIGHEST GUST DIRECTION     W (250)
  AVERAGE WIND SPEED     2.9


SKY COVER
  POSSIBLE SUNSHINE  MM
  AVERAGE SKY COVER 0.5


WEATHER CONDITIONS
 THE FOLLOWING WEATHER WAS RECORDED YESTERDAY.
  NO SIGNIFICANT WEATHER WAS OBSERVED.


RELATIVE HUMIDITY (PERCENT)
 HIGHEST    85           200 AM
 LOWEST     36           800 PM
 AVERAGE    61

..........................................................


THE HILLSBORO OR CLIMATE NORMALS FOR TODAY
                         NORMAL    RECORD    YEAR
 MAXIMUM TEMPERATURE (F)   62        85      1934
 MINIMUM TEMPERATURE (F)   40        27      1951


SUNRISE AND SUNSET
APRIL 21 2018.........SUNRISE   616 AM PDT   SUNSET   806 PM PDT
APRIL 22 2018.........SUNRISE   614 AM PDT   SUNSET   807 PM PDT


-  INDICATES NEGATIVE NUMBERS.
R  INDICATES RECORD WAS SET OR TIED.
MM INDICATES DATA IS MISSING.
T  INDICATES TRACE AMOUNT.




$$
