000
CDHW40 PHFO 280230
CLIHNL


CLIMATE REPORT
NATIONAL WEATHER SERVICE HONOLULU HI
429 PM HST SUN MAY 27 2018


...................................

...THE HONOLULU HI CLIMATE SUMMARY FOR MAY 27 2018...
VALID TODAY AS OF 0400 PM LOCAL TIME.

CLIMATE NORMAL PERIOD 1981 TO 2010
CLIMATE RECORD PERIOD 1946 TO 2018


WEATHER ITEM   OBSERVED TIME   RECORD YEAR NORMAL DEPARTURE LAST
                VALUE   (LST)  VALUE       VALUE  FROM      YEAR
                                                  NORMAL
..................................................................
TEMPERATURE (F)
 TODAY
  MAXIMUM         86    103 PM  89    2005  86      0       82
                                      1996
                                      1995
  MINIMUM         73    646 AM  65    1973  72      1       66
  AVERAGE         80                        79      1       74

PRECIPITATION (IN)
  TODAY            0.02          0.41 1955   0.01   0.01      T
  MONTH TO DATE    0.23                      0.56  -0.33     0.33
  SINCE MAR 1      3.99                      3.21   0.78     6.13
  SINCE JAN 1      8.17                      7.51   0.66    13.46

SNOWFALL (IN)
  TODAY            0.0
  MONTH TO DATE    0.0
  SINCE MAR 1      0.0
  SINCE JUL 1      0.0
  SNOW DEPTH      MM

DEGREE DAYS
 HEATING
  TODAY            0                         0      0        0
  MONTH TO DATE    0                         0      0        0
  SINCE MAR 1      0                         0      0        0
  SINCE JUL 1      0                         0      0        0

 COOLING
  TODAY           15                        14      1        9
  MONTH TO DATE  369                       340     29      370
  SINCE MAR 1   1053                       965     88     1120
  SINCE JAN 1   1723                      1447    276     1647
..................................................................


WIND (MPH)
  HIGHEST WIND SPEED    20   HIGHEST WIND DIRECTION     E (80)
  HIGHEST GUST SPEED    27   HIGHEST GUST DIRECTION    NE (50)
  AVERAGE WIND SPEED    MM


SKY COVER
  POSSIBLE SUNSHINE  MM
  AVERAGE SKY COVER  MM


WEATHER CONDITIONS
 THE FOLLOWING WEATHER WAS RECORDED TODAY.
  NO SIGNIFICANT WEATHER WAS OBSERVED.


RELATIVE HUMIDITY (PERCENT)
 HIGHEST    MM
 LOWEST     MM
 AVERAGE    MM

..........................................................


THE HONOLULU HI CLIMATE NORMALS FOR TOMORROW
                         NORMAL    RECORD    YEAR
 MAXIMUM TEMPERATURE (F)   86        90      2005
 MINIMUM TEMPERATURE (F)   72        65      1964


SUNRISE AND SUNSET
MAY 27 2018...........SUNRISE   550 AM HST   SUNSET   708 PM HST
MAY 28 2018...........SUNRISE   550 AM HST   SUNSET   709 PM HST


-  INDICATES NEGATIVE NUMBERS.
R  INDICATES RECORD WAS SET OR TIED.
MM INDICATES DATA IS MISSING.
T  INDICATES TRACE AMOUNT.




$$
