846
CDUS46 KSEW 220833
CLIHQM


CLIMATE REPORT
NATIONAL WEATHER SERVICE SEATTLE WA
132 AM PDT TUE MAY 22 2018


...................................

...THE HOQUIAM WA AIRPORT CLIMATE SUMMARY FOR MAY 21 2018...

CLIMATE NORMAL PERIOD 1981 TO 2010
CLIMATE RECORD PERIOD 1953 TO 2018


WEATHER ITEM   OBSERVED TIME   RECORD YEAR NORMAL DEPARTURE LAST
                VALUE   (LST)  VALUE       VALUE  FROM      YEAR
                                                  NORMAL
..................................................................
TEMPERATURE (F)
 YESTERDAY
  MAXIMUM         62    431 PM  86    1988  60      2       70
  MINIMUM         50   1141 PM  38    2009  47      3       49
                                      1973
                                      1971
  AVERAGE         56                        54      2       60

PRECIPITATION (IN)
  YESTERDAY        0.00          0.92 1990   0.10  -0.10     0.00
  MONTH TO DATE    0.35                      2.33  -1.98     3.81
  SINCE OCT 1     64.74                     59.62   5.12    82.02
  SINCE JAN 1     33.15                     31.96   1.19    40.48

DEGREE DAYS
 HEATING
  YESTERDAY        9                        11     -2        5
  MONTH TO DATE  193                       265    -72      265
  SINCE MAR 1   1232                      1343   -111     1338

 COOLING
  YESTERDAY        0                         0      0        0
  MONTH TO DATE    0                         0      0        0
  SINCE MAR 1      0                         0      0        0
  SINCE JAN 1      0                         0      0        0
..................................................................


WIND (MPH)
  RESULTANT WIND SPEED   6   RESULTANT WIND DIRECTION   W (270)
  HIGHEST WIND SPEED    16   HIGHEST WIND DIRECTION     W (260)
  HIGHEST GUST SPEED    21   HIGHEST GUST DIRECTION     W (250)
  AVERAGE WIND SPEED     7.0


SKY COVER
  AVERAGE SKY COVER 0.6


WEATHER CONDITIONS
 THE FOLLOWING WEATHER WAS RECORDED YESTERDAY.
  NO SIGNIFICANT WEATHER WAS OBSERVED.


RELATIVE HUMIDITY (PERCENT)
 HIGHEST    89          1000 PM
 LOWEST     67           300 PM
 AVERAGE    78

..........................................................


THE HOQUIAM WA AIRPORT CLIMATE NORMALS FOR TODAY
                         NORMAL    RECORD    YEAR
 MAXIMUM TEMPERATURE (F)   61        88      1969
 MINIMUM TEMPERATURE (F)   47        37      1960


SUNRISE AND SUNSET
MAY 22 2018...........SUNRISE   533 AM PDT   SUNSET   853 PM PDT
MAY 23 2018...........SUNRISE   532 AM PDT   SUNSET   854 PM PDT


-  INDICATES NEGATIVE NUMBERS.
R  INDICATES RECORD WAS SET OR TIED.
MM INDICATES DATA IS MISSING.
T  INDICATES TRACE AMOUNT.




$$
