000
CDUS44 KBRO 270625
CLIHRL


CLIMATE REPORT
NATIONAL WEATHER SERVICE BROWNSVILLE TX
125 AM CDT SUN MAY 27 2018


...................................

...THE HARLINGEN CLIMATE SUMMARY FOR MAY 26 2018...

CLIMATE NORMAL PERIOD 1981 TO 2010
CLIMATE RECORD PERIOD 1912 TO 2018


WEATHER ITEM   OBSERVED TIME   RECORD YEAR NORMAL DEPARTURE LAST
                VALUE   (LST)  VALUE       VALUE  FROM      YEAR
                                                  NORMAL
..................................................................
TEMPERATURE (F)
 YESTERDAY
  MAXIMUM         99    138 PM 100    1924  92      7       98
  MINIMUM         71    541 AM  60    1913  72     -1       79
                                      1940
                                      1967
  AVERAGE         85                        82      3       89

PRECIPITATION (IN)
  YESTERDAY        0.00          5.10 1948   0.09  -0.09     0.00
  MONTH TO DATE    0.34                      2.05  -1.71     0.18
  SINCE MAR 1      1.40                      5.01  -3.61     3.27
  SINCE JAN 1      4.05                      7.48  -3.43     4.58

SNOWFALL (IN)
  YESTERDAY        0.0
  MONTH TO DATE    0.0
  SINCE MAR 1      0.0
  SINCE JUL 1      1.0
  SNOW DEPTH       0

DEGREE DAYS
 HEATING
  YESTERDAY        0                         0      0        0
  MONTH TO DATE    0                         0      0        0
  SINCE MAR 1      4                        54    -50        4
  SINCE JUL 1    644                       622     22      234

 COOLING
  YESTERDAY       20                        17      3       24
  MONTH TO DATE  449                       399     50      406
  SINCE MAR 1    976                       888     88     1075
  SINCE JAN 1   1182                      1013    169     1442
..................................................................


WIND (MPH)
  HIGHEST WIND SPEED    21   HIGHEST WIND DIRECTION     E (110)
  HIGHEST GUST SPEED    27   HIGHEST GUST DIRECTION    SE (120)
  AVERAGE WIND SPEED     9.3



WEATHER CONDITIONS
 THE FOLLOWING WEATHER WAS RECORDED YESTERDAY.
  NO SIGNIFICANT WEATHER WAS OBSERVED.


RELATIVE HUMIDITY (PERCENT)
 HIGHEST   100
 LOWEST     38
 AVERAGE    69

..........................................................


THE HARLINGEN CLIMATE NORMALS FOR TODAY
                         NORMAL    RECORD    YEAR
 MAXIMUM TEMPERATURE (F)   92       100      2017
 MINIMUM TEMPERATURE (F)   73        59      1913


SUNRISE AND SUNSET
MAY 27 2018...........SUNRISE   639 AM CDT   SUNSET   817 PM CDT
MAY 28 2018...........SUNRISE   639 AM CDT   SUNSET   817 PM CDT


-  INDICATES NEGATIVE NUMBERS.
R  INDICATES RECORD WAS SET OR TIED.
MM INDICATES DATA IS MISSING.
T  INDICATES TRACE AMOUNT.




$$
