000
CDUS42 KMHX 272125
CLIHSE


CLIMATE REPORT
NATIONAL WEATHER SERVICE NEWPORT/MOREHEAD CITY NC
525 PM EDT SUN MAY 27 2018


...................................

...THE CAPE HATTERAS NC CLIMATE SUMMARY FOR MAY 27 2018...
VALID TODAY AS OF 0500 PM LOCAL TIME.

CLIMATE NORMAL PERIOD 1981 TO 2010
CLIMATE RECORD PERIOD 1874 TO 2018


WEATHER ITEM   OBSERVED TIME   RECORD YEAR NORMAL DEPARTURE LAST
                VALUE   (LST)  VALUE       VALUE  FROM      YEAR
                                                  NORMAL
..................................................................
TEMPERATURE (F)
 TODAY
  MAXIMUM         84   1223 PM  86    2004  77      7       82
                                      1991
  MINIMUM         73    507 AM  42    1979  64      9       70
  AVERAGE         79                        70      9       76

PRECIPITATION (IN)
  TODAY            0.00          2.19 2003   0.12  -0.12     0.00
  MONTH TO DATE    8.18                      3.13   5.05     6.33
  SINCE MAR 1     16.86                     11.54   5.32    19.64
  SINCE JAN 1     27.11                     20.80   6.31    25.95

SNOWFALL (IN)
  TODAY            0.0
  MONTH TO DATE    0.0
  SINCE NOV 1      3.5
  SINCE JUL 1      3.5
  SNOW DEPTH       0

DEGREE DAYS
 HEATING
  TODAY            0                         1     -1        0
  MONTH TO DATE    7                        48    -41        3
  SINCE MAR 1    676                       658     18      406
  SINCE JUL 1   2287                      2582   -295     1728

 COOLING
  TODAY           14                         6      8       11
  MONTH TO DATE  201                        91    110      189
  SINCE MAR 1    233                       119    114      367
  SINCE JAN 1    243                       119    124      375
..................................................................


WIND (MPH)
  HIGHEST WIND SPEED    14   HIGHEST WIND DIRECTION    SW (210)
  HIGHEST GUST SPEED    19   HIGHEST GUST DIRECTION    SW (210)
  AVERAGE WIND SPEED     8.1


SKY COVER
  POSSIBLE SUNSHINE  MM
  AVERAGE SKY COVER 0.0


WEATHER CONDITIONS
 THE FOLLOWING WEATHER WAS RECORDED TODAY.
  NO SIGNIFICANT WEATHER WAS OBSERVED.


RELATIVE HUMIDITY (PERCENT)
 HIGHEST   100           300 AM
 LOWEST     69          1200 PM
 AVERAGE    85

..........................................................


THE CAPE HATTERAS NC CLIMATE NORMALS FOR TOMORROW
                         NORMAL    RECORD    YEAR
 MAXIMUM TEMPERATURE (F)   77        87      1991
 MINIMUM TEMPERATURE (F)   64        48      1983


SUNRISE AND SUNSET
MAY 27 2018...........SUNRISE   551 AM EDT   SUNSET   809 PM EDT
MAY 28 2018...........SUNRISE   551 AM EDT   SUNSET   809 PM EDT


-  INDICATES NEGATIVE NUMBERS.
R  INDICATES RECORD WAS SET OR TIED.
MM INDICATES DATA IS MISSING.
T  INDICATES TRACE AMOUNT.




$$
