720
CDUS43 KAPX 260529
CLIHTL


CLIMATE REPORT
NATIONAL WEATHER SERVICE GAYLORD MI
128 AM EDT THU APR 26 2018


...................................

...THE HOUGHTON LAKE MI CLIMATE SUMMARY FOR APRIL 25 2018...

CLIMATE NORMAL PERIOD 1981 TO 2010
CLIMATE RECORD PERIOD 1913 TO 2018


WEATHER ITEM   OBSERVED TIME   RECORD YEAR NORMAL DEPARTURE LAST
                VALUE   (LST)  VALUE       VALUE  FROM      YEAR
                                                  NORMAL
..................................................................
TEMPERATURE (F)
 YESTERDAY
  MAXIMUM         48    305 PM  87    1939  59    -11       69
  MINIMUM         32   1126 PM  16    1918  35     -3       42
  AVERAGE         40                        47     -7       56

PRECIPITATION (IN)
  YESTERDAY        0.01          1.69 1929   0.08  -0.07     0.00
  MONTH TO DATE    3.47                      2.08   1.39     4.52
  SINCE MAR 1      4.27                      3.92   0.35     7.20
  SINCE JAN 1      8.44                      6.64   1.80    12.68

SNOWFALL (IN)
  YESTERDAY        0.0           1.0  1976   0.1   -0.1      0.0
                                      1928
  MONTH TO DATE   14.1                       3.6   10.5       T
  SINCE OCT 1     55.8                      66.4  -10.6     76.1
  SINCE JUL 1     55.8                      66.4  -10.6     76.1
  SNOW DEPTH       0

DEGREE DAYS
 HEATING
  YESTERDAY       25                        18      7        9
  MONTH TO DATE  809                       589    220      453
  SINCE MAR 1   1924                      1702    222     1550
  SINCE JUL 1   7477                      7574    -97     6400

 COOLING
  YESTERDAY        0                         0      0        0
  MONTH TO DATE    0                         0      0        0
  SINCE MAR 1      0                         0      0        0
  SINCE JAN 1      0                         0      0        0
..................................................................


WIND (MPH)
  HIGHEST WIND SPEED    17   HIGHEST WIND DIRECTION    NW (320)
  HIGHEST GUST SPEED    25   HIGHEST GUST DIRECTION     N (360)
  AVERAGE WIND SPEED     9.4




RELATIVE HUMIDITY (PERCENT)
 HIGHEST    86
 LOWEST     58
 AVERAGE    72

..........................................................


THE HOUGHTON LAKE MI CLIMATE NORMALS FOR TODAY
                         NORMAL    RECORD    YEAR
 MAXIMUM TEMPERATURE (F)   59        86      1948
 MINIMUM TEMPERATURE (F)   35        16      1933


SUNRISE AND SUNSET
APRIL 26 2018.........SUNRISE   637 AM EDT   SUNSET   837 PM EDT
APRIL 27 2018.........SUNRISE   635 AM EDT   SUNSET   838 PM EDT


-  INDICATES NEGATIVE NUMBERS.
R  INDICATES RECORD WAS SET OR TIED.
MM INDICATES DATA IS MISSING.
T  INDICATES TRACE AMOUNT.




$$
