209
CDUS41 KCAR 240554
CLIHUL


CLIMATE REPORT
NATIONAL WEATHER SERVICE CARIBOU, ME
149 AM EDT TUE APR 24 2018


...................................

...THE HOULTON ME CLIMATE SUMMARY FOR APRIL 23 2018...

CLIMATE NORMAL PERIOD 1981 TO 2010
CLIMATE RECORD PERIOD 1948 TO 2018


WEATHER ITEM   OBSERVED TIME   RECORD YEAR NORMAL DEPARTURE LAST
                VALUE   (LST)  VALUE       VALUE  FROM      YEAR
                                                  NORMAL
..................................................................
TEMPERATURE (F)
 YESTERDAY
  MAXIMUM         60    419 PM  79    2007  54      6       53
  MINIMUM         21    421 AM  20    1985  31    -10       33
  AVERAGE         41                        43     -2       43

PRECIPITATION (IN)
  YESTERDAY        0.00          1.32 2012   0.14  -0.14     0.00
  MONTH TO DATE    1.82                      2.94  -1.12     3.02
  SINCE MAR 1      3.81                      5.53  -1.72     4.55
  SINCE JAN 1      9.49                     10.39  -0.90     9.00

SNOWFALL (IN)
  YESTERDAY       MM             3.2  1956   0.2   MM       MM
  MONTH TO DATE   MM                         5.5   MM       MM
  SINCE MAR 1     MM                        23.3   MM       MM
  SINCE JUL 1     MM                        88.9   MM       MM
  SNOW DEPTH      MM

DEGREE DAYS
 HEATING
  YESTERDAY       24                        22      2       22
  MONTH TO DATE  742                       633    109      581
  SINCE MAR 1   1869                      1856     13     1909
  SINCE JUL 1   7937                      8429   -492     7870

 COOLING
  YESTERDAY        0                         0      0        0
  MONTH TO DATE    0                         0      0        0
  SINCE MAR 1      0                         0      0        0
  SINCE JAN 1      0                         0      0        0
..................................................................


WIND (MPH)
  HIGHEST WIND SPEED    14   HIGHEST WIND DIRECTION     W (250)
  HIGHEST GUST SPEED    19   HIGHEST GUST DIRECTION     W (260)
  AVERAGE WIND SPEED     3.8


SKY COVER
  POSSIBLE SUNSHINE  MM
  AVERAGE SKY COVER 0.0


WEATHER CONDITIONS
 THE FOLLOWING WEATHER WAS RECORDED YESTERDAY.
  NO SIGNIFICANT WEATHER WAS OBSERVED.


RELATIVE HUMIDITY (PERCENT)
 HIGHEST    88           100 AM
 LOWEST     15           200 PM
 AVERAGE    52

..........................................................


THE HOULTON ME CLIMATE NORMALS FOR TODAY
                         NORMAL    RECORD    YEAR
 MAXIMUM TEMPERATURE (F)   55        82      1942
 MINIMUM TEMPERATURE (F)   32        17      1985


SUNRISE AND SUNSET
APRIL 24 2018.........SUNRISE   529 AM EDT   SUNSET   730 PM EDT
APRIL 25 2018.........SUNRISE   527 AM EDT   SUNSET   732 PM EDT


-  INDICATES NEGATIVE NUMBERS.
R  INDICATES RECORD WAS SET OR TIED.
MM INDICATES DATA IS MISSING.
T  INDICATES TRACE AMOUNT.




$$
