000
CDUS43 KUNR 240833
CLIIEN


CLIMATE REPORT
NATIONAL WEATHER SERVICE RAPID CITY SD
231 AM MDT TUE APR 24 2018


...................................

...THE PINE RIDGE SD CLIMATE SUMMARY FOR APRIL 23 2018...

CLIMATE NORMAL PERIOD 1981 TO 2010
CLIMATE RECORD PERIOD 9999 TO 9999


WEATHER ITEM   OBSERVED TIME   NORMAL DEPARTURE LAST
                VALUE   (LST)  VALUE  FROM      YEAR
                                      NORMAL
......................................................
TEMPERATURE (F)
 YESTERDAY
  MAXIMUM         71    338 PM  62      9       76
  MINIMUM         39   1159 PM  33      6       43
  AVERAGE         55            48      7       60

PRECIPITATION (IN)
  YESTERDAY        0.07          0.06   0.01      T
  MONTH TO DATE    1.45          1.39   0.06     1.48
  SINCE MAR 1      2.74          2.26   0.48     3.33
  SINCE JAN 1      3.77          3.05   0.72     4.47

DEGREE DAYS
 HEATING
  YESTERDAY       10            17     -7        5
  MONTH TO DATE  604           471    133      338
  SINCE MAR 1   1458          1359     99     1029
  SINCE JUL 1   6762          6709     53     6195

 COOLING
  YESTERDAY        0             0      0        0
  MONTH TO DATE    0             0      0        1
  SINCE MAR 1      0             0      0        1
  SINCE JAN 1      0             0      0        1
......................................................


WIND (MPH)
  HIGHEST WIND SPEED    24   HIGHEST WIND DIRECTION     W (250)
  HIGHEST GUST SPEED    32   HIGHEST GUST DIRECTION     W (250)
  AVERAGE WIND SPEED    12.2


SKY COVER
  AVERAGE SKY COVER 0.3


WEATHER CONDITIONS
 THE FOLLOWING WEATHER WAS RECORDED YESTERDAY.
  RAIN
  LIGHT RAIN
  FOG


RELATIVE HUMIDITY (PERCENT)
 HIGHEST    92          1000 PM
 LOWEST     33           100 PM
 AVERAGE    63

..........................................................




SUNRISE AND SUNSET
APRIL 24 2018.........SUNRISE   554 AM MDT   SUNSET   743 PM MDT
APRIL 25 2018.........SUNRISE   552 AM MDT   SUNSET   744 PM MDT


-  INDICATES NEGATIVE NUMBERS.
R  INDICATES RECORD WAS SET OR TIED.
MM INDICATES DATA IS MISSING.
T  INDICATES TRACE AMOUNT.




$$
