000
CDUS42 KILM 252045
CLIILM


CLIMATE REPORT
NATIONAL WEATHER SERVICE WILMINGTON NC
445 PM EDT FRI MAY 25 2018


...................................

...THE WILMINGTON NORTH CAROLINA CLIMATE SUMMARY FOR MAY 25 2018...
VALID TODAY AS OF 0400 PM LOCAL TIME.

CLIMATE NORMAL PERIOD 1981 TO 2010
CLIMATE RECORD PERIOD 1871 TO 2018


WEATHER ITEM   OBSERVED TIME   RECORD YEAR NORMAL DEPARTURE LAST
                VALUE   (LST)  VALUE       VALUE  FROM      YEAR
                                                  NORMAL
..................................................................
TEMPERATURE (F)
 TODAY
  MAXIMUM         82    255 PM  97    2011  83     -1       78
  MINIMUM         69    115 AM  49    2013  63      6       65
  AVERAGE         76                        73      3       72

PRECIPITATION (IN)
  TODAY            0.00          1.81 2000   0.16  -0.16     0.31
  MONTH TO DATE    9.81                      3.47   6.34     4.48
  SINCE MAR 1     18.43                     10.50   7.93    14.24
  SINCE JAN 1     27.08                     17.88   9.20    19.79

DEGREE DAYS
 HEATING
  TODAY            0                         0      0        0
  MONTH TO DATE    2                        25    -23       12
  SINCE MAR 1    595                       478    117      429
  SINCE JUL 1   2397                      2407    -10     1944

 COOLING
  TODAY           11                         8      3        7
  MONTH TO DATE  233                       141     92      189
  SINCE MAR 1    280                       224     56      353
  SINCE JAN 1    318                       229     89      359
..................................................................


WIND (MPH)
  RESULTANT WIND SPEED   5   RESULTANT WIND DIRECTION   E (110)
  HIGHEST WIND SPEED    14   HIGHEST WIND DIRECTION    SE (140)
  HIGHEST GUST SPEED    21   HIGHEST GUST DIRECTION    SE (120)
  AVERAGE WIND SPEED     5.7


SKY COVER
  POSSIBLE SUNSHINE  MM
  AVERAGE SKY COVER 0.6


WEATHER CONDITIONS
 THE FOLLOWING WEATHER WAS RECORDED TODAY.
  NO SIGNIFICANT WEATHER WAS OBSERVED.


RELATIVE HUMIDITY (PERCENT)
 HIGHEST    97           500 AM
 LOWEST     58           100 PM
 AVERAGE    78

..........................................................


THE WILMINGTON NORTH CAROLINA CLIMATE NORMALS FOR TOMORROW
                         NORMAL    RECORD    YEAR
 MAXIMUM TEMPERATURE (F)   83        98      1953
 MINIMUM TEMPERATURE (F)   63        48      1877


SUNRISE AND SUNSET
MAY 25 2018...........SUNRISE   604 AM EDT   SUNSET   814 PM EDT
MAY 26 2018...........SUNRISE   603 AM EDT   SUNSET   815 PM EDT


-  INDICATES NEGATIVE NUMBERS.
R  INDICATES RECORD WAS SET OR TIED.
MM INDICATES DATA IS MISSING.
T  INDICATES TRACE AMOUNT.




$$
