000
CDUS41 KCTP 220613
CLIIPT


CLIMATE REPORT
NATIONAL WEATHER SERVICE STATE COLLEGE PA
213 AM EDT TUE MAY 22 2018


...................................

...THE WILLIAMSPORT PA CLIMATE SUMMARY FOR MAY 21 2018...

CLIMATE NORMAL PERIOD 1981 TO 2010
CLIMATE RECORD PERIOD 1895 TO 2018


WEATHER ITEM   OBSERVED TIME   RECORD YEAR NORMAL DEPARTURE LAST
                VALUE   (LST)  VALUE       VALUE  FROM      YEAR
                                                  NORMAL
..................................................................
TEMPERATURE (F)
 YESTERDAY
  MAXIMUM         78    529 PM  95    1941  73      5       65
  MINIMUM         49    408 AM  32    2002  49      0       52
  AVERAGE         64                        61      3       59

PRECIPITATION (IN)
  YESTERDAY        0.00          3.53 1919   0.12  -0.12      T
  MONTH TO DATE    4.95                      2.44   2.51     3.38
  SINCE MAR 1     10.98                      8.65   2.33    11.03
  SINCE JAN 1     18.77                     13.69   5.08    16.33

SNOWFALL (IN)
  YESTERDAY        0.0           T    2002   0.0    0.0      0.0
  MONTH TO DATE    0.0                       0.0    0.0      0.0
  SINCE MAR 1      7.8                       8.0   -0.2     22.6
  SINCE JUL 1     26.8                      36.0   -9.2     41.1
  SNOW DEPTH       0

DEGREE DAYS
 HEATING
  YESTERDAY        1                         5     -4        6
  MONTH TO DATE   69                       161    -92      166
  SINCE MAR 1   1500                      1449     51     1274
  SINCE JUL 1   5550                      5916   -366     4910

 COOLING
  YESTERDAY        0                         1     -1        0
  MONTH TO DATE   39                        16     23       29
  SINCE MAR 1     39                        21     18       44
  SINCE JAN 1     39                        21     18       44
..................................................................


WIND (MPH)
  HIGHEST WIND SPEED     9   HIGHEST WIND DIRECTION    SE (150)
  HIGHEST GUST SPEED    12   HIGHEST GUST DIRECTION    SE (140)
  AVERAGE WIND SPEED     3.0


SKY COVER
  POSSIBLE SUNSHINE  MM
  AVERAGE SKY COVER 0.2


WEATHER CONDITIONS
 THE FOLLOWING WEATHER WAS RECORDED YESTERDAY.
  FOG
  FOG W/VISIBILITY <= 1/4 MILE


RELATIVE HUMIDITY (PERCENT)
 HIGHEST   100           100 AM
 LOWEST     31           400 PM
 AVERAGE    66

..........................................................


THE WILLIAMSPORT PA CLIMATE NORMALS FOR TODAY
                         NORMAL    RECORD    YEAR
 MAXIMUM TEMPERATURE (F)   73        95      1941
 MINIMUM TEMPERATURE (F)   50        32      2002


SUNRISE AND SUNSET
MAY 22 2018...........SUNRISE   543 AM EDT   SUNSET   826 PM EDT
MAY 23 2018...........SUNRISE   542 AM EDT   SUNSET   827 PM EDT


-  INDICATES NEGATIVE NUMBERS.
R  INDICATES RECORD WAS SET OR TIED.
MM INDICATES DATA IS MISSING.
T  INDICATES TRACE AMOUNT.




$$
