000
CDUS43 KBIS 240731
CLIISN


CLIMATE REPORT
NATIONAL WEATHER SERVICE BISMARCK ND
231 AM CDT TUE APR 24 2018


...................................

...THE WILLISTON ND CLIMATE SUMMARY FOR APRIL 23 2018...

CLIMATE NORMAL PERIOD 1981 TO 2010
CLIMATE RECORD PERIOD 1894 TO 2018


WEATHER ITEM   OBSERVED TIME   RECORD YEAR NORMAL DEPARTURE LAST
                VALUE   (LST)  VALUE       VALUE  FROM      YEAR
                                                  NORMAL
..................................................................
TEMPERATURE (F)
 YESTERDAY
  MAXIMUM         52    551 PM  87    2012  61     -9       38
  MINIMUM         31   1111 PM  14    2008  32     -1       31
  AVERAGE         42                        46     -4       35

PRECIPITATION (IN)
  YESTERDAY        0.00          1.27 1961   0.04  -0.04     0.00
  MONTH TO DATE    0.17                      0.70  -0.53     0.38
  SINCE MAR 1      1.93                      1.41   0.52     1.23
  SINCE JAN 1      2.50                      2.39   0.11     2.37

DEGREE DAYS
 HEATING
  YESTERDAY       23                        19      4       30
  MONTH TO DATE  782                       531    251      448
  SINCE MAR 1   2041                      1638    403     1488
  SINCE JUL 1   8895                      8406    489     7510

 COOLING
  YESTERDAY        0                         0      0        0
  MONTH TO DATE    0                         0      0        0
  SINCE MAR 1      0                         0      0        0
  SINCE JAN 1      0                         0      0        0
..................................................................


WIND (MPH)
  HIGHEST WIND SPEED    22   HIGHEST WIND DIRECTION     N (360)
  HIGHEST GUST SPEED    29   HIGHEST GUST DIRECTION     N (360)
  AVERAGE WIND SPEED    11.1


SKY COVER
  POSSIBLE SUNSHINE  MM
  AVERAGE SKY COVER 0.5


WEATHER CONDITIONS
 THE FOLLOWING WEATHER WAS RECORDED YESTERDAY.
  NO SIGNIFICANT WEATHER WAS OBSERVED.


RELATIVE HUMIDITY (PERCENT)
 HIGHEST    82           400 AM
 LOWEST     27           700 PM
 AVERAGE    55

..........................................................


THE WILLISTON ND CLIMATE NORMALS FOR TODAY
                         NORMAL    RECORD    YEAR
 MAXIMUM TEMPERATURE (F)   61        90      2012
                                             1962
 MINIMUM TEMPERATURE (F)   33        17      1907


SUNRISE AND SUNSET
APRIL 24 2018.........SUNRISE   648 AM CDT   SUNSET   858 PM CDT
APRIL 25 2018.........SUNRISE   646 AM CDT   SUNSET   900 PM CDT


-  INDICATES NEGATIVE NUMBERS.
R  INDICATES RECORD WAS SET OR TIED.
MM INDICATES DATA IS MISSING.
T  INDICATES TRACE AMOUNT.




$$
