000
CDUS45 KBOI 220933
CLIJER


CLIMATE REPORT
NATIONAL WEATHER SERVICE BOISE ID
332 AM MDT TUE MAY 22 2018


...................................

...THE JEROME ID CLIMATE SUMMARY FOR MAY 21 2018...

CLIMATE NORMAL PERIOD 1981 TO 2010
CLIMATE RECORD PERIOD 1915 TO 2018


WEATHER ITEM   OBSERVED TIME   RECORD YEAR NORMAL DEPARTURE LAST
                VALUE   (LST)  VALUE       VALUE  FROM      YEAR
                                                  NORMAL
..................................................................
TEMPERATURE (F)
 YESTERDAY
  MAXIMUM         75    341 PM  92    1958  69      6       70
  MINIMUM         48    527 AM  29    1918  44      4       45
  AVERAGE         62                        56      6       58

PRECIPITATION (IN)
  YESTERDAY        T             0.50 1971   0.04  -0.04     0.10
  MONTH TO DATE    1.02                      0.93   0.09     0.78
  SINCE OCT 1      6.91                      8.81  -1.90    10.42
  SINCE JAN 1      4.36                      5.29  -0.93     5.90

DEGREE DAYS
 HEATING
  YESTERDAY        3                         9     -6        7
  MONTH TO DATE  138                       246   -108      252
  SINCE MAR 1   1366                      1562   -196     1446
  SINCE JUL 1   5787                      6449   -662     5869

 COOLING
  YESTERDAY        0                         0      0        0
  MONTH TO DATE    9                         0      9        2
  SINCE MAR 1     12                         0     12        2
  SINCE JAN 1     12                         0     12        2
..................................................................


WIND (MPH)
  HIGHEST WIND SPEED    14   HIGHEST WIND DIRECTION     E (110)
  HIGHEST GUST SPEED    18   HIGHEST GUST DIRECTION     E (110)
  AVERAGE WIND SPEED     3.5


SKY COVER
  AVERAGE SKY COVER 0.2


WEATHER CONDITIONS
 THE FOLLOWING WEATHER WAS RECORDED YESTERDAY.
  LIGHT RAIN
  FOG


RELATIVE HUMIDITY (PERCENT)
 HIGHEST    93           300 AM
 LOWEST     38           400 PM
 AVERAGE    66

..........................................................


THE JEROME ID CLIMATE NORMALS FOR TODAY
                         NORMAL    RECORD    YEAR
 MAXIMUM TEMPERATURE (F)   70        93      1980
 MINIMUM TEMPERATURE (F)   44        29      1918


SUNRISE AND SUNSET
MAY 22 2018...........SUNRISE   609 AM MDT   SUNSET   901 PM MDT
MAY 23 2018...........SUNRISE   608 AM MDT   SUNSET   902 PM MDT


-  INDICATES NEGATIVE NUMBERS.
R  INDICATES RECORD WAS SET OR TIED.
MM INDICATES DATA IS MISSING.
T  INDICATES TRACE AMOUNT.




$$
