000
CDUS45 KVEF 240826
CLILAS


CLIMATE REPORT
NATIONAL WEATHER SERVICE LAS VEGAS, NV
126 AM PDT TUE APR 24 2018


...................................

...THE LAS VEGAS NV CLIMATE SUMMARY FOR APRIL 23 2018...

CLIMATE NORMAL PERIOD 1981 TO 2010
CLIMATE RECORD PERIOD 1937 TO 2018


WEATHER ITEM   OBSERVED TIME   RECORD YEAR NORMAL DEPARTURE LAST
                VALUE   (LST)  VALUE       VALUE  FROM      YEAR
                                                  NORMAL
..................................................................
TEMPERATURE (F)
 YESTERDAY
  MAXIMUM         94    221 PM  98    2012  81     13       89
                                      1949
  MINIMUM         68    513 AM  36    1937  58     10       67
  AVERAGE         81                        70     11       78

PRECIPITATION (IN)
  YESTERDAY        0.00          0.08 1939   0.01  -0.01     0.00
  MONTH TO DATE    0.00                      0.13  -0.13     0.04
  SINCE OCT 1      1.74                      3.00  -1.26     2.57
  SINCE JAN 1      1.74                      1.87  -0.13     1.51

SNOWFALL (IN)
  YESTERDAY        0.0           0.0    MM   0.0    0.0      0.0
  MONTH TO DATE    0.0                       0.0    0.0      0.0
  SINCE MAR 1      0.0                       0.0    0.0      0.0
  SINCE JUL 1      0.0                       0.3   -0.3      0.0
  SNOW DEPTH       0

DEGREE DAYS
 HEATING
  YESTERDAY        0                         1     -1        0
  MONTH TO DATE   11                        57    -46        9
  SINCE MAR 1    182                       246    -64       91
  SINCE JUL 1   1301                      1937   -636     1463

 COOLING
  YESTERDAY       16                         6     10       13
  MONTH TO DATE  151                        81     70      119
  SINCE MAR 1    170                       111     59      227
  SINCE JAN 1    170                       112     58      230
..................................................................


WIND (MPH)
  RESULTANT WIND SPEED   4   RESULTANT WIND DIRECTION   S (200)
  HIGHEST WIND SPEED    16   HIGHEST WIND DIRECTION     S (180)
  HIGHEST GUST SPEED    25   HIGHEST GUST DIRECTION     S (180)
  AVERAGE WIND SPEED     5.6


SKY COVER
  POSSIBLE SUNSHINE  MM
  AVERAGE SKY COVER 0.3


WEATHER CONDITIONS
 THE FOLLOWING WEATHER WAS RECORDED YESTERDAY.
  NO SIGNIFICANT WEATHER WAS OBSERVED.


RELATIVE HUMIDITY (PERCENT)
 HIGHEST    22           500 AM
 LOWEST      6           400 PM
 AVERAGE    14

..........................................................


THE LAS VEGAS NV CLIMATE NORMALS FOR TODAY
                         NORMAL    RECORD    YEAR
 MAXIMUM TEMPERATURE (F)   81        99      1946
 MINIMUM TEMPERATURE (F)   59        38      1937


SUNRISE AND SUNSET
APRIL 24 2018.........SUNRISE   556 AM PDT   SUNSET   722 PM PDT
APRIL 25 2018.........SUNRISE   555 AM PDT   SUNSET   723 PM PDT


-  INDICATES NEGATIVE NUMBERS.
R  INDICATES RECORD WAS SET OR TIED.
MM INDICATES DATA IS MISSING.
T  INDICATES TRACE AMOUNT.




$$
