594
CDUS42 KILM 212046
CLILBT


CLIMATE REPORT
NATIONAL WEATHER SERVICE WILMINGTON NC
445 PM EDT SAT APR 21 2018


...................................

...THE LUMBERTON NORTH CAROLINA CLIMATE SUMMARY FOR APRIL 21 2018...
VALID TODAY AS OF 0400 PM LOCAL TIME.

CLIMATE NORMAL PERIOD 1981 TO 2010
CLIMATE RECORD PERIOD 1903 TO 2018


WEATHER ITEM   OBSERVED TIME   RECORD YEAR NORMAL DEPARTURE LAST
                VALUE   (LST)  VALUE       VALUE  FROM      YEAR
                                                  NORMAL
..................................................................
TEMPERATURE (F)
 TODAY
  MAXIMUM         71    254 PM  94    1917  76     -5       86
  MINIMUM         36    600 AM  26    1983  50    -14       65
  AVERAGE         54                        63     -9       76

PRECIPITATION (IN)
  TODAY            0.00          4.66 1918   0.10  -0.10     0.00
  MONTH TO DATE    1.72                      2.05  -0.33     2.88
  SINCE MAR 1      4.04                      5.38  -1.34     6.78
  SINCE JAN 1      7.05                     11.25  -4.20    10.27

SNOWFALL (IN)
  TODAY           MM            MM      MM
  MONTH TO DATE   MM
  SINCE MAR 1     MM
  SINCE JUL 1     MM
  SNOW DEPTH      MM

DEGREE DAYS
 HEATING
  TODAY           11                         4      7        0
  MONTH TO DATE  161                       123     38       44
  SINCE MAR 1    623                       469    154      409
  SINCE JUL 1   2711                      2699     12     2056

 COOLING
  TODAY            0                         2     -2       11
  MONTH TO DATE   25                        34     -9       60
  SINCE MAR 1     30                        44    -14       87
  SINCE JAN 1     75                        47     28       97
..................................................................


WIND (MPH)
  RESULTANT WIND SPEED   3   RESULTANT WIND DIRECTION   E (80)
  HIGHEST WIND SPEED    12   HIGHEST WIND DIRECTION     E (110)
  HIGHEST GUST SPEED    17   HIGHEST GUST DIRECTION    SE (120)
  AVERAGE WIND SPEED     3.7


SKY COVER
  POSSIBLE SUNSHINE  MM
  AVERAGE SKY COVER 0.0


WEATHER CONDITIONS
 THE FOLLOWING WEATHER WAS RECORDED TODAY.
  NO SIGNIFICANT WEATHER WAS OBSERVED.


RELATIVE HUMIDITY (PERCENT)
 HIGHEST   100           300 AM
 LOWEST     27           300 PM
 AVERAGE    64

..........................................................


THE LUMBERTON NORTH CAROLINA CLIMATE NORMALS FOR TOMORROW
                         NORMAL    RECORD    YEAR
 MAXIMUM TEMPERATURE (F)   76        92      1985
                                             1957
 MINIMUM TEMPERATURE (F)   50        32      1983


SUNRISE AND SUNSET
APRIL 21 2018.........SUNRISE   637 AM EDT   SUNSET   753 PM EDT
APRIL 22 2018.........SUNRISE   636 AM EDT   SUNSET   754 PM EDT


-  INDICATES NEGATIVE NUMBERS.
R  INDICATES RECORD WAS SET OR TIED.
MM INDICATES DATA IS MISSING.
T  INDICATES TRACE AMOUNT.




$$
