000
CDUS44 KLCH 200859
CLILCH


CLIMATE REPORT
NATIONAL WEATHER SERVICE LAKE CHARLES, LA
348 AM CDT FRI APR 20 2018


...................................

...THE LAKE CHARLES CLIMATE SUMMARY FOR APRIL 19 2018...

CLIMATE NORMAL PERIOD 1981 TO 2010
CLIMATE RECORD PERIOD 1895 TO 2018


WEATHER ITEM   OBSERVED TIME   RECORD YEAR NORMAL DEPARTURE LAST
                VALUE   (LST)  VALUE       VALUE  FROM      YEAR
                                                  NORMAL
..................................................................
TEMPERATURE (F)
 YESTERDAY
  MAXIMUM         77    249 PM  92    1965  79     -2       84
                                      1908
  MINIMUM         56   1159 PM  42    1939  59     -3       65
  AVERAGE         67                        69     -2       75

PRECIPITATION (IN)
  YESTERDAY        0.00          4.10 1914   0.11  -0.11     0.03
  MONTH TO DATE    2.16                      2.06   0.10     2.51
  SINCE MAR 1      4.59                      5.72  -1.13     6.62
  SINCE JAN 1     17.18                     14.41   2.77    13.57

SNOWFALL (IN)
  YESTERDAY        0.0           0.0    MM   0.0    0.0      0.0
  MONTH TO DATE    0.0                       0.0    0.0      0.0
  SINCE MAR 1      0.0                       0.0    0.0      0.0
  SINCE JUL 1      2.2                       0.1    2.1       T
  SNOW DEPTH       0

DEGREE DAYS
 HEATING
  YESTERDAY        0                         1     -1        0
  MONTH TO DATE   51                        38     13        3
  SINCE MAR 1    137                       200    -63       80
  SINCE JUL 1   1293                      1482   -189      738

 COOLING
  YESTERDAY        2                         5     -3       10
  MONTH TO DATE   50                        72    -22      105
  SINCE MAR 1    153                       121     32      213
  SINCE JAN 1    255                       144    111      344
..................................................................


WIND (MPH)
  HIGHEST WIND SPEED    20   HIGHEST WIND DIRECTION     N (20)
  HIGHEST GUST SPEED    27   HIGHEST GUST DIRECTION     N (10)
  AVERAGE WIND SPEED    10.4


SKY COVER
  POSSIBLE SUNSHINE  MM
  AVERAGE SKY COVER 0.3


WEATHER CONDITIONS
 THE FOLLOWING WEATHER WAS RECORDED YESTERDAY.
  FOG


RELATIVE HUMIDITY (PERCENT)
 HIGHEST    93          1200 AM
 LOWEST     31           200 PM
 AVERAGE    62

..........................................................


THE LAKE CHARLES CLIMATE NORMALS FOR TODAY
                         NORMAL    RECORD    YEAR
 MAXIMUM TEMPERATURE (F)   79        89      1987
                                             1908
 MINIMUM TEMPERATURE (F)   59        40      1910


SUNRISE AND SUNSET
APRIL 20 2018.........SUNRISE   640 AM CDT   SUNSET   743 PM CDT
APRIL 21 2018.........SUNRISE   639 AM CDT   SUNSET   744 PM CDT


-  INDICATES NEGATIVE NUMBERS.
R  INDICATES RECORD WAS SET OR TIED.
MM INDICATES DATA IS MISSING.
T  INDICATES TRACE AMOUNT.




$$
