697
CDUS43 KLMK 210628
CLILEX


CLIMATE REPORT
NATIONAL WEATHER SERVICE LOUISVILLE KY
228 AM EDT MON MAY 21 2018


...................................

...THE LEXINGTON KY CLIMATE SUMMARY FOR MAY 20 2018...

CLIMATE NORMAL PERIOD 1981 TO 2010
CLIMATE RECORD PERIOD 1872 TO 2018


WEATHER ITEM   OBSERVED TIME   RECORD YEAR NORMAL DEPARTURE LAST
                VALUE   (LST)  VALUE       VALUE  FROM      YEAR
                                                  NORMAL
..................................................................
TEMPERATURE (F)
 YESTERDAY
  MAXIMUM         87    541 PM  91    1944  75     12       88
  MINIMUM         66    111 AM  32    1894  55     11       66
  AVERAGE         77                        65     12       77

PRECIPITATION (IN)
  YESTERDAY        0.00          2.49 1935   0.17  -0.17     0.41
  MONTH TO DATE    5.25                      3.37   1.88     3.65
  SINCE MAR 1     14.91                     11.04   3.87     8.77
  SINCE JAN 1     27.13                     17.44   9.69    16.87

SNOWFALL (IN)
  YESTERDAY        0.0           6.0  1894   0.0    0.0      0.0
  MONTH TO DATE    0.0                       0.0    0.0      0.0
  SINCE MAR 1     13.6                       1.7   11.9       T
  SINCE JUL 1     21.2                      13.0    8.2      3.4
  SNOW DEPTH       0

DEGREE DAYS
 HEATING
  YESTERDAY        0                         3     -3        0
  MONTH TO DATE    6                        88    -82       89
  SINCE MAR 1   1104                      1006     98      751
  SINCE JUL 1   4416                      4577   -161     3461

 COOLING
  YESTERDAY       12                         3      9       12
  MONTH TO DATE  144                        39    105       81
  SINCE MAR 1    152                        61     91      152
  SINCE JAN 1    159                        61     98      156
..................................................................


WIND (MPH)
  HIGHEST WIND SPEED    15   HIGHEST WIND DIRECTION     W (250)
  HIGHEST GUST SPEED    20   HIGHEST GUST DIRECTION     W (260)
  AVERAGE WIND SPEED     5.7


SKY COVER
  POSSIBLE SUNSHINE  MM
  AVERAGE SKY COVER 0.0


WEATHER CONDITIONS
 THE FOLLOWING WEATHER WAS RECORDED YESTERDAY.
  FOG


RELATIVE HUMIDITY (PERCENT)
 HIGHEST    93           100 AM
 LOWEST     48           100 PM
 AVERAGE    71

..........................................................


THE LEXINGTON KY CLIMATE NORMALS FOR TODAY
                         NORMAL    RECORD    YEAR
 MAXIMUM TEMPERATURE (F)   76        92      1941
 MINIMUM TEMPERATURE (F)   55        37      2002


SUNRISE AND SUNSET
MAY 21 2018...........SUNRISE   623 AM EDT   SUNSET   847 PM EDT
MAY 22 2018...........SUNRISE   623 AM EDT   SUNSET   848 PM EDT


-  INDICATES NEGATIVE NUMBERS.
R  INDICATES RECORD WAS SET OR TIED.
MM INDICATES DATA IS MISSING.
T  INDICATES TRACE AMOUNT.




$$
