000
CDUS46 KLOX 250918
CLILGB


CLIMATE REPORT
NATIONAL WEATHER SERVICE LOS ANGELES/OXNARD CA
218 AM PDT FRI MAY 25 2018


...................................

...THE LONG BEACH AIRPORT CA CLIMATE SUMMARY FOR MAY 24 2018...

CLIMATE NORMAL PERIOD 1981 TO 2010
CLIMATE RECORD PERIOD 1958 TO 2018


WEATHER ITEM   OBSERVED TIME   RECORD YEAR NORMAL DEPARTURE LAST
                VALUE   (LST)  VALUE       VALUE  FROM      YEAR
                                                  NORMAL
..................................................................
TEMPERATURE (F)
 YESTERDAY
  MAXIMUM         68    357 PM  81    2006  74     -6       71
                                      1986
  MINIMUM         60    704 AM  49    1960  59      1       59
  AVERAGE         64                        66     -2       65

PRECIPITATION (IN)
  YESTERDAY        0.00          0.08 1977   0.01  -0.01     0.00
  MONTH TO DATE    0.01                      0.18  -0.17     0.40
  SINCE OCT 1      3.53                     11.92  -8.39    19.98
  SINCE JAN 1      3.46                      8.34  -4.88    14.78

SNOWFALL (IN)
  YESTERDAY        0.0
  MONTH TO DATE    0.0
  SINCE MAR 1      0.0
  SINCE JUL 1      0.0

DEGREE DAYS
 HEATING
  YESTERDAY        1                         1      0        0
  MONTH TO DATE   26                        33     -7       34
  SINCE MAR 1    189                       318   -129      133
  SINCE JUL 1    613                      1209   -596      911

 COOLING
  YESTERDAY        0                         2     -2        0
  MONTH TO DATE   30                        48    -18       65
  SINCE MAR 1     77                        87    -10      155
  SINCE JAN 1    117                        95     22      156
..................................................................


WIND (MPH)
  HIGHEST WIND SPEED    14   HIGHEST WIND DIRECTION    NW (300)
  HIGHEST GUST SPEED    18   HIGHEST GUST DIRECTION    NW (300)
  AVERAGE WIND SPEED     5.8


SKY COVER
  POSSIBLE SUNSHINE  MM
  AVERAGE SKY COVER 1.0


WEATHER CONDITIONS
 THE FOLLOWING WEATHER WAS RECORDED YESTERDAY.
  NO SIGNIFICANT WEATHER WAS OBSERVED.


RELATIVE HUMIDITY (PERCENT)
 HIGHEST    84           400 AM
 LOWEST     58           500 PM
 AVERAGE    71

..........................................................


THE LONG BEACH AIRPORT CA CLIMATE NORMALS FOR TODAY
                         NORMAL    RECORD    YEAR
 MAXIMUM TEMPERATURE (F)   74        91      1974
 MINIMUM TEMPERATURE (F)   59        47      1980
                                             1962


SUNRISE AND SUNSET
MAY 25 2018...........SUNRISE   546 AM PDT   SUNSET   754 PM PDT
MAY 26 2018...........SUNRISE   545 AM PDT   SUNSET   755 PM PDT


-  INDICATES NEGATIVE NUMBERS.
R  INDICATES RECORD WAS SET OR TIED.
MM INDICATES DATA IS MISSING.
T  INDICATES TRACE AMOUNT.




$$
