000
CDUS44 KLZK 230639
CLILIT


CLIMATE REPORT
NATIONAL WEATHER SERVICE LITTLE ROCK AR
138 AM CDT WED MAY 23 2018


...................................

...THE LITTLE ROCK ADAMS FIELD CLIMATE SUMMARY FOR MAY 22 2018...

CLIMATE NORMAL PERIOD 1981 TO 2010
CLIMATE RECORD PERIOD 1874 TO 2018


WEATHER ITEM   OBSERVED TIME   RECORD YEAR NORMAL DEPARTURE LAST
                VALUE   (LST)  VALUE       VALUE  FROM      YEAR
                                                  NORMAL
..................................................................
TEMPERATURE (F)
 YESTERDAY
  MAXIMUM         84   1050 AM  94    2010  83      1       72
                                      1972
                                      1970
  MINIMUM         69    657 AM  44    1883  63      6       58
  AVERAGE         77                        73      4       65

PRECIPITATION (IN)
  YESTERDAY        0.71          1.75 1927   0.15   0.56     0.00
  MONTH TO DATE    1.56                      3.63  -2.07     4.55
  SINCE MAR 1     11.38                     13.45  -2.07    18.55
  SINCE JAN 1     27.64                     20.66   6.98    23.55

SNOWFALL (IN)
  YESTERDAY        0.0          MM      MM   0.0    0.0      0.0
  MONTH TO DATE    0.0                       0.0    0.0      0.0
  SINCE MAR 1      T                         0.4   -0.4      0.0
  SINCE JUL 1      1.7                       3.5   -1.8      0.2
  SNOW DEPTH       0

DEGREE DAYS
 HEATING
  YESTERDAY        0                         0      0        0
  MONTH TO DATE    0                        18    -18       24
  SINCE MAR 1    553                       537     16      378
  SINCE JUL 1   3078                      3050     28     2292

 COOLING
  YESTERDAY       12                         8      4        0
  MONTH TO DATE  236                       124    112       92
  SINCE MAR 1    263                       194     69      187
  SINCE JAN 1    272                       196     76      199
..................................................................


WIND (MPH)
  HIGHEST WIND SPEED    22   HIGHEST WIND DIRECTION    NE (60)
  HIGHEST GUST SPEED    37   HIGHEST GUST DIRECTION     E (90)
  AVERAGE WIND SPEED     2.1


SKY COVER
  POSSIBLE SUNSHINE  MM
  AVERAGE SKY COVER 0.9


WEATHER CONDITIONS
 THE FOLLOWING WEATHER WAS RECORDED YESTERDAY.
  THUNDERSTORM
  HEAVY RAIN
  RAIN
  LIGHT RAIN
  FOG
  FOG W/VISIBILITY <= 1/4 MILE
  HAZE


RELATIVE HUMIDITY (PERCENT)
 HIGHEST   100          1200 AM
 LOWEST     69          1100 AM
 AVERAGE    85

..........................................................


THE LITTLE ROCK ADAMS FIELD CLIMATE NORMALS FOR TODAY
                         NORMAL    RECORD    YEAR
 MAXIMUM TEMPERATURE (F)   83        94      1978
 MINIMUM TEMPERATURE (F)   63        42      1963


SUNRISE AND SUNSET
MAY 23 2018...........SUNRISE   601 AM CDT   SUNSET   811 PM CDT
MAY 24 2018...........SUNRISE   600 AM CDT   SUNSET   812 PM CDT


-  INDICATES NEGATIVE NUMBERS.
R  INDICATES RECORD WAS SET OR TIED.
MM INDICATES DATA IS MISSING.
T  INDICATES TRACE AMOUNT.




$$
