000
CDUS45 KRIW 250731
CLILND


CLIMATE REPORT
NATIONAL WEATHER SERVICE RIVERTON WY
130 AM MDT WED APR 25 2018


...................................

...THE LANDER WY CLIMATE SUMMARY FOR APRIL 24 2018...

CLIMATE NORMAL PERIOD 1981 TO 2010
CLIMATE RECORD PERIOD 1891 TO 2018


WEATHER ITEM   OBSERVED TIME   RECORD YEAR NORMAL DEPARTURE LAST
                VALUE   (LST)  VALUE       VALUE  FROM      YEAR
                                                  NORMAL
..................................................................
TEMPERATURE (F)
 YESTERDAY
  MAXIMUM         49    329 PM  82    2012  59    -10       59
  MINIMUM         29    505 AM  13    1892  34     -5       38
  AVERAGE         39                        46     -7       49

PRECIPITATION (IN)
  YESTERDAY        0.02          0.90 1990   0.07  -0.05      T
  MONTH TO DATE    0.32                      1.43  -1.11     1.69
  SINCE MAR 1      1.41                      2.59  -1.18     6.34
  SINCE JAN 1      3.03                      3.58  -0.55     8.72

SNOWFALL (IN)
  YESTERDAY        0.2                       0.6   -0.4      0.0
  MONTH TO DATE    2.6                      13.8  -11.2     10.7
  SINCE MAR 1     10.7                      29.9  -19.2     16.4
  SINCE JUL 1     57.9                      83.5  -25.6     77.4
  SNOW DEPTH       0

DEGREE DAYS
 HEATING
  YESTERDAY       26                        19      7       16
  MONTH TO DATE  545                       529     16      500
  SINCE MAR 1   1426                      1444    -18     1212
  SINCE JUL 1   6876                      7148   -272     6915

 COOLING
  YESTERDAY        0                         0      0        0
  MONTH TO DATE    0                         0      0        0
  SINCE MAR 1      0                         0      0        0
  SINCE JAN 1      0                         0      0        0
..................................................................


WIND (MPH)
  HIGHEST WIND SPEED    13   HIGHEST WIND DIRECTION     N (340)
  HIGHEST GUST SPEED    19   HIGHEST GUST DIRECTION    NW (330)
  AVERAGE WIND SPEED     4.9


SKY COVER
  POSSIBLE SUNSHINE  MM
  AVERAGE SKY COVER 0.7


WEATHER CONDITIONS
 THE FOLLOWING WEATHER WAS RECORDED YESTERDAY.
  LIGHT SNOW
  FOG


RELATIVE HUMIDITY (PERCENT)
 HIGHEST    85           300 AM
 LOWEST     37           600 PM
 AVERAGE    61

..........................................................


THE LANDER WY CLIMATE NORMALS FOR TODAY
                         NORMAL    RECORD    YEAR
 MAXIMUM TEMPERATURE (F)   59        81      1946
 MINIMUM TEMPERATURE (F)   34        12      1907


SUNRISE AND SUNSET
APRIL 25 2018.........SUNRISE   618 AM MDT   SUNSET   809 PM MDT
APRIL 26 2018.........SUNRISE   616 AM MDT   SUNSET   810 PM MDT


-  INDICATES NEGATIVE NUMBERS.
R  INDICATES RECORD WAS SET OR TIED.
MM INDICATES DATA IS MISSING.
T  INDICATES TRACE AMOUNT.




$$
