000
CDUS43 KARX 240630
CLILSE


CLIMATE REPORT
NATIONAL WEATHER SERVICE LA CROSSE WI
128 AM CDT TUE APR 24 2018


...................................

...THE LA CROSSE WI CLIMATE SUMMARY FOR APRIL 23 2018...

CLIMATE NORMAL PERIOD 1981 TO 2010
CLIMATE RECORD PERIOD 1873 TO 2018


WEATHER ITEM   OBSERVED TIME   RECORD YEAR NORMAL DEPARTURE LAST
                VALUE   (LST)  VALUE       VALUE  FROM      YEAR
                                                  NORMAL
..................................................................
TEMPERATURE (F)
 YESTERDAY
  MAXIMUM         71    528 PM  86    1960  63      8       75
                                      1925
  MINIMUM         36    517 AM  20    1910  41     -5       46
  AVERAGE         54                        52      2       61

PRECIPITATION (IN)
  YESTERDAY        0.00          0.77 1896   0.12  -0.12     0.00
  MONTH TO DATE    2.96                      2.48   0.48     3.97
  SINCE MAR 1      4.10                      4.52  -0.42     5.73
  SINCE JAN 1      6.70                      6.69   0.01     9.59

SNOWFALL (IN)
  YESTERDAY        0.0           1.7  1910   0.0    0.0      0.0
                                      2001
  MONTH TO DATE   19.0                       1.5   17.5      0.0
  SINCE JUL 1     49.8                      43.1    6.7     42.2
  SNOW DEPTH       0

DEGREE DAYS
 HEATING
  YESTERDAY       11                        13     -2        4
  MONTH TO DATE  689                       416    273      262
  SINCE JUL 1   6841                      6869    -28     5444

 COOLING
  YESTERDAY        0                         0      0        0
  MONTH TO DATE    0                         0      0        6
  SINCE JAN 1      0                         0      0        6
..................................................................


WIND (MPH)
  HIGHEST WIND SPEED    10   HIGHEST WIND DIRECTION     W (270)
  HIGHEST GUST SPEED    16   HIGHEST GUST DIRECTION     W (280)
  AVERAGE WIND SPEED     3.8


SKY COVER
  POSSIBLE SUNSHINE  MM
  AVERAGE SKY COVER 0.0


WEATHER CONDITIONS
 THE FOLLOWING WEATHER WAS RECORDED YESTERDAY.
  NO SIGNIFICANT WEATHER WAS OBSERVED.


RELATIVE HUMIDITY (PERCENT)
 HIGHEST    76           600 AM
 LOWEST     19           400 PM
 AVERAGE    48

..........................................................


THE LA CROSSE WI CLIMATE NORMALS FOR TODAY
                         NORMAL    RECORD    YEAR
 MAXIMUM TEMPERATURE (F)   63        90      2009
 MINIMUM TEMPERATURE (F)   42        24      1956


SUNRISE AND SUNSET
APRIL 24 2018.........SUNRISE   607 AM CDT   SUNSET   800 PM CDT
APRIL 25 2018.........SUNRISE   606 AM CDT   SUNSET   801 PM CDT


-  INDICATES NEGATIVE NUMBERS.
R  INDICATES RECORD WAS SET OR TIED.
MM INDICATES DATA IS MISSING.
T  INDICATES TRACE AMOUNT.




$$
