000
CDUS41 KRNK 220719
CLILYH


CLIMATE REPORT
NATIONAL WEATHER SERVICE BLACKSBURG VA
318 AM EDT SUN APR 22 2018


...................................

...THE LYNCHBURG VA CLIMATE SUMMARY FOR APRIL 21 2018...

CLIMATE NORMAL PERIOD 1981 TO 2010
CLIMATE RECORD PERIOD 1893 TO 2018


WEATHER ITEM   OBSERVED TIME   RECORD YEAR NORMAL DEPARTURE LAST
                VALUE   (LST)  VALUE       VALUE  FROM      YEAR
                                                  NORMAL
..................................................................
TEMPERATURE (F)
 YESTERDAY
  MAXIMUM         65    459 PM  91    1985  70     -5       84
                                      1957
  MINIMUM         34    547 AM  27    1983  44    -10       57
  AVERAGE         50                        57     -7       71

PRECIPITATION (IN)
  YESTERDAY        0.00          3.01 1992   0.12  -0.12     0.02
  MONTH TO DATE    1.84                      2.33  -0.49     1.19
  SINCE MAR 1      4.91                      5.91  -1.00     3.85
  SINCE JAN 1     13.57                     11.98   1.59     8.23

SNOWFALL (IN)
  YESTERDAY        0.0                                       0.0
  MONTH TO DATE    0.5                                       0.0
  SINCE MAR 1      8.2                                        T
  SINCE JUL 1     13.9                                       5.9
  SNOW DEPTH       0

DEGREE DAYS
 HEATING
  YESTERDAY       15                         9      6        0
  MONTH TO DATE  284                       236     48      112
  SINCE MAR 1   1006                       831    175      651
  SINCE JUL 1   4234                      4255    -21     3360

 COOLING
  YESTERDAY        0                         1     -1        6
  MONTH TO DATE   11                         9      2       26
  SINCE MAR 1     11                        11      0       26
  SINCE JAN 1     11                        11      0       27
..................................................................


WIND (MPH)
  HIGHEST WIND SPEED    13   HIGHEST WIND DIRECTION    NE (50)
  HIGHEST GUST SPEED    17   HIGHEST GUST DIRECTION    NE (50)
  AVERAGE WIND SPEED     2.9


SKY COVER
  AVERAGE SKY COVER 0.0


WEATHER CONDITIONS
 THE FOLLOWING WEATHER WAS RECORDED YESTERDAY.
  NO SIGNIFICANT WEATHER WAS OBSERVED.


RELATIVE HUMIDITY (PERCENT)
 HIGHEST    70           500 AM
 LOWEST     23           200 PM
 AVERAGE    47

..........................................................


THE LYNCHBURG VA CLIMATE NORMALS FOR TODAY
                         NORMAL    RECORD    YEAR
 MAXIMUM TEMPERATURE (F)   70        92      1985
 MINIMUM TEMPERATURE (F)   44        28      1934


SUNRISE AND SUNSET
APRIL 22 2018.........SUNRISE   633 AM EDT   SUNSET   758 PM EDT
APRIL 23 2018.........SUNRISE   632 AM EDT   SUNSET   759 PM EDT


-  INDICATES NEGATIVE NUMBERS.
R  INDICATES RECORD WAS SET OR TIED.
MM INDICATES DATA IS MISSING.
T  INDICATES TRACE AMOUNT.

$$
RCS
