416
CDUS46 KHNX 260823
CLIMAE


CLIMATE REPORT
NATIONAL WEATHER SERVICE SAN JOAQUIN VALLEY, CA
123 AM PDT THU APR 26 2018


...................................

...THE MADERA CA AIRPORT CLIMATE SUMMARY FOR APRIL 25 2018...

CLIMATE NORMAL PERIOD 1981 TO 2010
CLIMATE RECORD PERIOD 1998 TO 2018


WEATHER ITEM   OBSERVED TIME   RECORD YEAR NORMAL DEPARTURE
                VALUE   (LST)  VALUE       VALUE  FROM
                                                  NORMAL
...............................................................
TEMPERATURE (F)
 YESTERDAY
  MAXIMUM         89    354 PM  93    2004  78     11
  MINIMUM         51    552 AM  40    2008  47      4
  AVERAGE         70                        62      8

PRECIPITATION (IN)
  YESTERDAY        0.00          0.66 2015   0.03  -0.03
  MONTH TO DATE    0.71                      0.81  -0.10
  SINCE OCT 1      7.22                     10.92  -3.70
  SINCE JAN 1      6.81                      7.19  -0.38

SNOWFALL (IN)
  YESTERDAY        0.0
  MONTH TO DATE    0.0
  SINCE MAR 1      0.0
  SINCE JUL 1      0.0
  SNOW DEPTH       0

DEGREE DAYS
 HEATING
  YESTERDAY        0
  MONTH TO DATE  107
  SINCE MAR 1    412
  SINCE JUL 1   2109

 COOLING
  YESTERDAY        5
  MONTH TO DATE   25
  SINCE MAR 1     27
  SINCE JAN 1     27
...............................................................


WIND (MPH)
  HIGHEST WIND SPEED    13   HIGHEST WIND DIRECTION     N (350)
  HIGHEST GUST SPEED    16   HIGHEST GUST DIRECTION     N (340)
  AVERAGE WIND SPEED     6.1




RELATIVE HUMIDITY (PERCENT)
 HIGHEST    89
 LOWEST     24
 AVERAGE    57

..........................................................


THE MADERA CA AIRPORT CLIMATE NORMALS FOR TODAY
                         NORMAL    RECORD    YEAR
 MAXIMUM TEMPERATURE (F)   78        97      2004
 MINIMUM TEMPERATURE (F)   47        41      2009


SUNRISE AND SUNSET
APRIL 26 2018.........SUNRISE   612 AM PDT   SUNSET   745 PM PDT
APRIL 27 2018.........SUNRISE   611 AM PDT   SUNSET   746 PM PDT


-  INDICATES NEGATIVE NUMBERS.
R  INDICATES RECORD WAS SET OR TIED.
MM INDICATES DATA IS MISSING.
T  INDICATES TRACE AMOUNT.




$$
