323
CDUS46 KHNX 250823
CLIMCE


CLIMATE REPORT
NATIONAL WEATHER SERVICE SAN JOAQUIN VALLEY, CA
122 AM PDT WED APR 25 2018


...................................

...THE MERCED  CA CLIMATE SUMMARY FOR APRIL 24 2018...

CLIMATE NORMAL PERIOD 1981 TO 2010
CLIMATE RECORD PERIOD 1998 TO 2018


WEATHER ITEM   OBSERVED TIME   RECORD YEAR NORMAL DEPARTURE
                VALUE   (LST)  VALUE       VALUE  FROM
                                                  NORMAL
...............................................................
TEMPERATURE (F)
 YESTERDAY
  MAXIMUM         88R   230 PM  87    2013  76     12
  MINIMUM         52    459 AM  39    2008  47      5
  AVERAGE         70                        61      9

PRECIPITATION (IN)
  YESTERDAY        0.00          0.05 2003   0.03  -0.03
  MONTH TO DATE    1.25                      0.78   0.47
  SINCE OCT 1      6.91                     11.31  -4.40
  SINCE JAN 1      5.80                      7.80  -2.00

SNOWFALL (IN)
  YESTERDAY        0.0
  MONTH TO DATE    0.0
  SINCE MAR 1      0.0
  SINCE JUL 1      0.0
  SNOW DEPTH       0

DEGREE DAYS
 HEATING
  YESTERDAY        0
  MONTH TO DATE  130
  SINCE MAR 1    475
  SINCE JUL 1   2265

 COOLING
  YESTERDAY        5
  MONTH TO DATE   13
  SINCE MAR 1     13
  SINCE JAN 1     13
...............................................................


WIND (MPH)
  HIGHEST WIND SPEED    13   HIGHEST WIND DIRECTION    NW (330)
  HIGHEST GUST SPEED    16   HIGHEST GUST DIRECTION    NW (330)
  AVERAGE WIND SPEED     6.1




RELATIVE HUMIDITY (PERCENT)
 HIGHEST    89
 LOWEST     31
 AVERAGE    60

..........................................................


THE MERCED  CA CLIMATE NORMALS FOR TODAY
                         NORMAL    RECORD    YEAR
 MAXIMUM TEMPERATURE (F)   76        92      2004
 MINIMUM TEMPERATURE (F)   47        39      2009


SUNRISE AND SUNSET
APRIL 25 2018.........SUNRISE   615 AM PDT   SUNSET   747 PM PDT
APRIL 26 2018.........SUNRISE   613 AM PDT   SUNSET   748 PM PDT


-  INDICATES NEGATIVE NUMBERS.
R  INDICATES RECORD WAS SET OR TIED.
MM INDICATES DATA IS MISSING.
T  INDICATES TRACE AMOUNT.




$$
