000
CDUS44 KJAN 242114
CLIMEI


CLIMATE REPORT
NATIONAL WEATHER SERVICE JACKSON MS
408 PM CDT THU MAY 24 2018


...................................

...THE MERIDIAN CLIMATE SUMMARY FOR MAY 24 2018...
VALID TODAY AS OF 0400 PM LOCAL TIME.

CLIMATE NORMAL PERIOD 1981 TO 2010
CLIMATE RECORD PERIOD 1889 TO 2018


WEATHER ITEM   OBSERVED TIME   RECORD YEAR NORMAL DEPARTURE LAST
                VALUE   (LST)  VALUE       VALUE  FROM      YEAR
                                                  NORMAL
..................................................................
TEMPERATURE (F)
 TODAY
  MAXIMUM         93    234 PM  95    1996  85      8       76
  MINIMUM         67    508 AM  45    1892  61      6       57
  AVERAGE         80                        73      7       67

PRECIPITATION (IN)
  TODAY            0.00          1.92 1909   0.14  -0.14     0.01
  MONTH TO DATE    1.11                      3.49  -2.38     3.13
  SINCE MAR 1     12.98                     13.69  -0.71    18.83
  SINCE JAN 1     24.92                     24.42   0.50    28.40

SNOWFALL (IN)
  TODAY            0.0           0.0    MM   0.0    0.0      0.0
  MONTH TO DATE    0.0                       0.0    0.0      0.0
  SINCE MAR 1      0.0                       0.3   -0.3      0.0
  SINCE JUL 1      5.3                       0.6    4.7      0.8

DEGREE DAYS
 HEATING
  TODAY            0                         0      0        0
  MONTH TO DATE    0                        16    -16       13
  SINCE MAR 1    351                       453   -102      234
  SINCE JUL 1   2104                      2550   -446     1362

 COOLING
  TODAY           15                         8      7        2
  MONTH TO DATE  264                       137    127      158
  SINCE MAR 1    335                       213    122      375
  SINCE JAN 1    409                       220    189      421
..................................................................


WIND (MPH)
  HIGHEST WIND SPEED    10   HIGHEST WIND DIRECTION     N (340)
  HIGHEST GUST SPEED    16   HIGHEST GUST DIRECTION    NW (330)
  AVERAGE WIND SPEED     3.5


SKY COVER
  POSSIBLE SUNSHINE  MM
  AVERAGE SKY COVER 0.1


WEATHER CONDITIONS
 THE FOLLOWING WEATHER WAS RECORDED TODAY.
  NO SIGNIFICANT WEATHER WAS OBSERVED.


RELATIVE HUMIDITY (PERCENT)
 HIGHEST    93           500 AM
 LOWEST     52           200 PM
 AVERAGE    73

..........................................................


THE MERIDIAN CLIMATE NORMALS FOR TOMORROW
                         NORMAL    RECORD    YEAR
 MAXIMUM TEMPERATURE (F)   85        95      1953
 MINIMUM TEMPERATURE (F)   61        47      1979


SUNRISE AND SUNSET
MAY 24 2018...........SUNRISE   552 AM CDT   SUNSET   752 PM CDT
MAY 25 2018...........SUNRISE   551 AM CDT   SUNSET   753 PM CDT


-  INDICATES NEGATIVE NUMBERS.
R  INDICATES RECORD WAS SET OR TIED.
MM INDICATES DATA IS MISSING.
T  INDICATES TRACE AMOUNT.




$$
