000
CDUS44 KBRO 220639
CLIMFE


CLIMATE REPORT
NATIONAL WEATHER SERVICE BROWNSVILLE TX
138 AM CDT SUN APR 22 2018


...................................

...THE MCALLEN CLIMATE SUMMARY FOR APRIL 21 2018...

CLIMATE NORMAL PERIOD 1981 TO 2010
CLIMATE RECORD PERIOD 1961 TO 2018


WEATHER ITEM   OBSERVED TIME   RECORD YEAR NORMAL DEPARTURE LAST
                VALUE   (LST)  VALUE       VALUE  FROM      YEAR
                                                  NORMAL
..................................................................
TEMPERATURE (F)
 YESTERDAY
  MAXIMUM         92    404 PM  98    1984  88      4       94
  MINIMUM         69    341 AM  57    1992  67      2       72
  AVERAGE         81                        77      4

PRECIPITATION (IN)
  YESTERDAY        0.00          3.29 1966   0.05  -0.05     0.00
  MONTH TO DATE    1.01                      0.81   0.20     0.73
  SINCE MAR 1      1.12                      1.84  -0.72     3.25
  SINCE JAN 1      2.32                      4.00  -1.68     4.88

SNOWFALL (IN)
  YESTERDAY        0.0
  MONTH TO DATE    0.0
  SINCE MAR 1      0.0
  SINCE JUL 1      0.3
  SNOW DEPTH       0

DEGREE DAYS
 HEATING
  YESTERDAY        0                         0      0        0
  MONTH TO DATE    0                         3     -3        0
  SINCE MAR 1      0                        41    -41        1
  SINCE JUL 1    550                       574    -24      189

 COOLING
  YESTERDAY       16                        13      3       18
  MONTH TO DATE  253                       234     19      323
  SINCE MAR 1    627                       452    175      684
  SINCE JAN 1    893                       611    282     1165
..................................................................


WIND (MPH)
  HIGHEST WIND SPEED    24   HIGHEST WIND DIRECTION    SE (140)
  HIGHEST GUST SPEED    30   HIGHEST GUST DIRECTION    SE (140)
  AVERAGE WIND SPEED    13.0



WEATHER CONDITIONS
 THE FOLLOWING WEATHER WAS RECORDED YESTERDAY.
  NO SIGNIFICANT WEATHER WAS OBSERVED.


RELATIVE HUMIDITY (PERCENT)
 HIGHEST    97
 LOWEST     56
 AVERAGE    77

..........................................................


THE MCALLEN CLIMATE NORMALS FOR TODAY
                         NORMAL    RECORD    YEAR
 MAXIMUM TEMPERATURE (F)   88       100      1983
 MINIMUM TEMPERATURE (F)   67        52      1982


SUNRISE AND SUNSET
APRIL 22 2018.........SUNRISE   703 AM CDT   SUNSET   800 PM CDT
APRIL 23 2018.........SUNRISE   702 AM CDT   SUNSET   801 PM CDT


-  INDICATES NEGATIVE NUMBERS.
R  INDICATES RECORD WAS SET OR TIED.
MM INDICATES DATA IS MISSING.
T  INDICATES TRACE AMOUNT.

$$
