000
CDUS44 KBMX 242136
CLIMGM


CLIMATE REPORT
NATIONAL WEATHER SERVICE BIRMINGHAM, AL
436 PM CDT TUE APR 24 2018


...................................

...THE MONTGOMERY CLIMATE SUMMARY FOR APRIL 24 2018...
VALID TODAY AS OF 0400 PM LOCAL TIME.

CLIMATE NORMAL PERIOD 1981 TO 2010
CLIMATE RECORD PERIOD 1872 TO 2018


WEATHER ITEM   OBSERVED TIME   RECORD YEAR NORMAL DEPARTURE LAST
                VALUE   (LST)  VALUE       VALUE  FROM      YEAR
                                                  NORMAL
..................................................................
TEMPERATURE (F)
 TODAY
  MAXIMUM         69    231 PM  91    1925  79    -10       74
  MINIMUM         53    433 AM  36    1986  54     -1       54
  AVERAGE         61                        66     -5       64

PRECIPITATION (IN)
  TODAY            0.00          3.92 1908   0.11  -0.11     0.00
  MONTH TO DATE    3.35                      3.36  -0.01     1.50
  SINCE MAR 1      6.53                      9.31  -2.78     5.22
  SINCE JAN 1     15.52                     19.24  -3.72    19.92

SNOWFALL (IN)
  TODAY            0.0                       0.0    0.0      0.0
  MONTH TO DATE    0.0                       0.0    0.0      0.0
  SINCE MAR 1      0.0                       0.3   -0.3      0.0
  SINCE JUL 1      T                         0.4   -0.4      0.0
  SNOW DEPTH       0

DEGREE DAYS

 COOLING
  TODAY            0                         3     -3        0
  MONTH TO DATE   27                        50    -23      124
  SINCE MAR 1     64                        73     -9      205
  SINCE JAN 1    129                        79     50      251
..................................................................


WIND (MPH)
  HIGHEST WIND SPEED    17   HIGHEST WIND DIRECTION     W (270)
  HIGHEST GUST SPEED    22   HIGHEST GUST DIRECTION     W (270)
  AVERAGE WIND SPEED     8.1


SKY COVER
  AVERAGE SKY COVER 0.7


WEATHER CONDITIONS
 THE FOLLOWING WEATHER WAS RECORDED TODAY.
  NO SIGNIFICANT WEATHER WAS OBSERVED.


RELATIVE HUMIDITY (PERCENT)
 HIGHEST   100           300 AM
 LOWEST     59           300 PM
 AVERAGE    80

..........................................................


THE MONTGOMERY CLIMATE NORMALS FOR TOMORROW
                         NORMAL    RECORD    YEAR
 MAXIMUM TEMPERATURE (F)   79        89      2009
                                             1960
 MINIMUM TEMPERATURE (F)   54        34      1910


SUNRISE AND SUNSET
APRIL 24 2018.........SUNRISE   606 AM CDT   SUNSET   722 PM CDT
APRIL 25 2018.........SUNRISE   605 AM CDT   SUNSET   722 PM CDT


-  INDICATES NEGATIVE NUMBERS.
R  INDICATES RECORD WAS SET OR TIED.
MM INDICATES DATA IS MISSING.
T  INDICATES TRACE AMOUNT.




$$
